/*
 Navicat Premium Data Transfer

 Source Server         : local-laragon
 Source Server Type    : MySQL
 Source Server Version : 80030
 Source Host           : localhost:3306
 Source Schema         : laravel-wa

 Target Server Type    : MySQL
 Target Server Version : 80030
 File Encoding         : 65001

 Date: 03/01/2024 09:25:36
*/


-- ----------------------------
-- Table structure for cms_apicustom
-- ----------------------------
CREATE TABLE `cms_apicustom`  (
  `id` int UNSIGNED NOT NULL AUTO_INCREMENT,
  `permalink` varchar(255) CHARACTER SET utf8mb4 COLLATE utf8mb4_unicode_ci NULL DEFAULT NULL,
  `tabel` varchar(255) CHARACTER SET utf8mb4 COLLATE utf8mb4_unicode_ci NULL DEFAULT NULL,
  `aksi` varchar(255) CHARACTER SET utf8mb4 COLLATE utf8mb4_unicode_ci NULL DEFAULT NULL,
  `kolom` varchar(255) CHARACTER SET utf8mb4 COLLATE utf8mb4_unicode_ci NULL DEFAULT NULL,
  `orderby` varchar(255) CHARACTER SET utf8mb4 COLLATE utf8mb4_unicode_ci NULL DEFAULT NULL,
  `sub_query_1` varchar(255) CHARACTER SET utf8mb4 COLLATE utf8mb4_unicode_ci NULL DEFAULT NULL,
  `sql_where` varchar(255) CHARACTER SET utf8mb4 COLLATE utf8mb4_unicode_ci NULL DEFAULT NULL,
  `nama` varchar(255) CHARACTER SET utf8mb4 COLLATE utf8mb4_unicode_ci NULL DEFAULT NULL,
  `keterangan` varchar(255) CHARACTER SET utf8mb4 COLLATE utf8mb4_unicode_ci NULL DEFAULT NULL,
  `parameter` varchar(255) CHARACTER SET utf8mb4 COLLATE utf8mb4_unicode_ci NULL DEFAULT NULL,
  `created_at` timestamp NULL DEFAULT NULL,
  `updated_at` timestamp NULL DEFAULT NULL,
  `method_type` varchar(25) CHARACTER SET utf8mb4 COLLATE utf8mb4_unicode_ci NULL DEFAULT NULL,
  `parameters` longtext CHARACTER SET utf8mb4 COLLATE utf8mb4_unicode_ci NULL,
  `responses` longtext CHARACTER SET utf8mb4 COLLATE utf8mb4_unicode_ci NULL,
  PRIMARY KEY (`id`) USING BTREE
) ENGINE = InnoDB AUTO_INCREMENT = 1 CHARACTER SET = utf8mb4 COLLATE = utf8mb4_unicode_ci ROW_FORMAT = Dynamic;

-- ----------------------------
-- Records of cms_apicustom
-- ----------------------------

-- ----------------------------
-- Table structure for cms_apikey
-- ----------------------------
CREATE TABLE `cms_apikey`  (
  `id` int UNSIGNED NOT NULL AUTO_INCREMENT,
  `screetkey` varchar(255) CHARACTER SET utf8mb4 COLLATE utf8mb4_unicode_ci NULL DEFAULT NULL,
  `hit` int NULL DEFAULT NULL,
  `status` varchar(25) CHARACTER SET utf8mb4 COLLATE utf8mb4_unicode_ci NOT NULL DEFAULT 'active',
  `created_at` timestamp NULL DEFAULT NULL,
  `updated_at` timestamp NULL DEFAULT NULL,
  PRIMARY KEY (`id`) USING BTREE
) ENGINE = InnoDB AUTO_INCREMENT = 1 CHARACTER SET = utf8mb4 COLLATE = utf8mb4_unicode_ci ROW_FORMAT = Dynamic;

-- ----------------------------
-- Records of cms_apikey
-- ----------------------------

-- ----------------------------
-- Table structure for cms_dashboard
-- ----------------------------
CREATE TABLE `cms_dashboard`  (
  `id` int UNSIGNED NOT NULL AUTO_INCREMENT,
  `name` varchar(255) CHARACTER SET utf8mb4 COLLATE utf8mb4_unicode_ci NULL DEFAULT NULL,
  `id_cms_privileges` int NULL DEFAULT NULL,
  `content` longtext CHARACTER SET utf8mb4 COLLATE utf8mb4_unicode_ci NULL,
  `created_at` timestamp NULL DEFAULT NULL,
  `updated_at` timestamp NULL DEFAULT NULL,
  PRIMARY KEY (`id`) USING BTREE
) ENGINE = InnoDB AUTO_INCREMENT = 1 CHARACTER SET = utf8mb4 COLLATE = utf8mb4_unicode_ci ROW_FORMAT = Dynamic;

-- ----------------------------
-- Records of cms_dashboard
-- ----------------------------

-- ----------------------------
-- Table structure for cms_email_queues
-- ----------------------------
CREATE TABLE `cms_email_queues`  (
  `id` int UNSIGNED NOT NULL AUTO_INCREMENT,
  `send_at` datetime NULL DEFAULT NULL,
  `email_recipient` varchar(255) CHARACTER SET utf8mb4 COLLATE utf8mb4_unicode_ci NULL DEFAULT NULL,
  `email_from_email` varchar(255) CHARACTER SET utf8mb4 COLLATE utf8mb4_unicode_ci NULL DEFAULT NULL,
  `email_from_name` varchar(255) CHARACTER SET utf8mb4 COLLATE utf8mb4_unicode_ci NULL DEFAULT NULL,
  `email_cc_email` varchar(255) CHARACTER SET utf8mb4 COLLATE utf8mb4_unicode_ci NULL DEFAULT NULL,
  `email_subject` varchar(255) CHARACTER SET utf8mb4 COLLATE utf8mb4_unicode_ci NULL DEFAULT NULL,
  `email_content` text CHARACTER SET utf8mb4 COLLATE utf8mb4_unicode_ci NULL,
  `email_attachments` text CHARACTER SET utf8mb4 COLLATE utf8mb4_unicode_ci NULL,
  `is_sent` tinyint(1) NULL DEFAULT NULL,
  `created_at` timestamp NULL DEFAULT NULL,
  `updated_at` timestamp NULL DEFAULT NULL,
  PRIMARY KEY (`id`) USING BTREE
) ENGINE = InnoDB AUTO_INCREMENT = 1 CHARACTER SET = utf8mb4 COLLATE = utf8mb4_unicode_ci ROW_FORMAT = Dynamic;

-- ----------------------------
-- Records of cms_email_queues
-- ----------------------------

-- ----------------------------
-- Table structure for cms_email_templates
-- ----------------------------
CREATE TABLE `cms_email_templates`  (
  `id` int UNSIGNED NOT NULL AUTO_INCREMENT,
  `name` varchar(255) CHARACTER SET utf8mb4 COLLATE utf8mb4_unicode_ci NULL DEFAULT NULL,
  `slug` varchar(255) CHARACTER SET utf8mb4 COLLATE utf8mb4_unicode_ci NULL DEFAULT NULL,
  `subject` varchar(255) CHARACTER SET utf8mb4 COLLATE utf8mb4_unicode_ci NULL DEFAULT NULL,
  `content` longtext CHARACTER SET utf8mb4 COLLATE utf8mb4_unicode_ci NULL,
  `description` varchar(255) CHARACTER SET utf8mb4 COLLATE utf8mb4_unicode_ci NULL DEFAULT NULL,
  `from_name` varchar(255) CHARACTER SET utf8mb4 COLLATE utf8mb4_unicode_ci NULL DEFAULT NULL,
  `from_email` varchar(255) CHARACTER SET utf8mb4 COLLATE utf8mb4_unicode_ci NULL DEFAULT NULL,
  `cc_email` varchar(255) CHARACTER SET utf8mb4 COLLATE utf8mb4_unicode_ci NULL DEFAULT NULL,
  `created_at` timestamp NULL DEFAULT NULL,
  `updated_at` timestamp NULL DEFAULT NULL,
  PRIMARY KEY (`id`) USING BTREE
) ENGINE = InnoDB AUTO_INCREMENT = 1 CHARACTER SET = utf8mb4 COLLATE = utf8mb4_unicode_ci ROW_FORMAT = Dynamic;

-- ----------------------------
-- Records of cms_email_templates
-- ----------------------------
INSERT INTO `cms_email_templates` VALUES (1, 'Email Template Forgot Password Backend', 'forgot_password_backend', NULL, '<p>Hi,</p><p>Someone requested forgot password, here is your new password : </p><p>[password]</p><p><br></p><p>--</p><p>Regards,</p><p>Admin</p>', '[password]', 'System', 'system@crudbooster.com', NULL, '2023-12-16 07:51:18', NULL);

-- ----------------------------
-- Table structure for cms_logs
-- ----------------------------
CREATE TABLE `cms_logs`  (
  `id` int UNSIGNED NOT NULL AUTO_INCREMENT,
  `ipaddress` varchar(50) CHARACTER SET utf8mb4 COLLATE utf8mb4_unicode_ci NULL DEFAULT NULL,
  `useragent` varchar(255) CHARACTER SET utf8mb4 COLLATE utf8mb4_unicode_ci NULL DEFAULT NULL,
  `url` varchar(255) CHARACTER SET utf8mb4 COLLATE utf8mb4_unicode_ci NULL DEFAULT NULL,
  `description` varchar(255) CHARACTER SET utf8mb4 COLLATE utf8mb4_unicode_ci NULL DEFAULT NULL,
  `details` text CHARACTER SET utf8mb4 COLLATE utf8mb4_unicode_ci NULL,
  `id_cms_users` int NULL DEFAULT NULL,
  `created_at` timestamp NULL DEFAULT NULL,
  `updated_at` timestamp NULL DEFAULT NULL,
  PRIMARY KEY (`id`) USING BTREE
) ENGINE = InnoDB AUTO_INCREMENT = 144 CHARACTER SET = utf8mb4 COLLATE = utf8mb4_unicode_ci ROW_FORMAT = Dynamic;

-- ----------------------------
-- Records of cms_logs
-- ----------------------------
INSERT INTO `cms_logs` VALUES (1, '127.0.0.1', 'Mozilla/5.0 (Windows NT 10.0; Win64; x64) AppleWebKit/537.36 (KHTML, like Gecko) Chrome/120.0.0.0 Safari/537.36', 'http://127.0.0.1/admin/login', 'admin@crudbooster.com login with IP Address 127.0.0.1', '', 1, '2023-12-16 07:57:03', NULL);
INSERT INTO `cms_logs` VALUES (2, '127.0.0.1', 'Mozilla/5.0 (Windows NT 10.0; Win64; x64) AppleWebKit/537.36 (KHTML, like Gecko) Chrome/120.0.0.0 Safari/537.36', 'http://127.0.0.1/admin/device/add-save', 'Add New Data ari at Device', '', 1, '2023-12-16 07:57:20', NULL);
INSERT INTO `cms_logs` VALUES (3, '127.0.0.1', 'Mozilla/5.0 (Windows NT 10.0; Win64; x64) AppleWebKit/537.36 (KHTML, like Gecko) Chrome/120.0.0.0 Safari/537.36', 'http://127.0.0.1/admin/outbox/add-save', 'Add New Data  at Outbox', '', 1, '2023-12-16 07:59:09', NULL);
INSERT INTO `cms_logs` VALUES (4, '127.0.0.1', 'Mozilla/5.0 (Windows NT 10.0; Win64; x64) AppleWebKit/537.36 (KHTML, like Gecko) Chrome/120.0.0.0 Safari/537.36', 'http://127.0.0.1/admin/outbox/delete/1', 'Delete data 1 at Outbox', '', 1, '2023-12-16 07:59:36', NULL);
INSERT INTO `cms_logs` VALUES (5, '127.0.0.1', 'Mozilla/5.0 (Windows NT 10.0; Win64; x64) AppleWebKit/537.36 (KHTML, like Gecko) Chrome/120.0.0.0 Safari/537.36', 'http://127.0.0.1/admin/customer/add-save', 'Add New Data suryo at Customer', '', 1, '2023-12-16 08:14:57', NULL);
INSERT INTO `cms_logs` VALUES (6, '127.0.0.1', 'Mozilla/5.0 (Windows NT 10.0; Win64; x64) AppleWebKit/537.36 (KHTML, like Gecko) Chrome/120.0.0.0 Safari/537.36', 'http://127.0.0.1/admin/customer/add-save', 'Add New Data ari at Customer', '', 1, '2023-12-16 08:15:22', NULL);
INSERT INTO `cms_logs` VALUES (7, '::1', 'Mozilla/5.0 (Windows NT 10.0; Win64; x64) AppleWebKit/537.36 (KHTML, like Gecko) Chrome/120.0.0.0 Safari/537.36', 'http://localhost/laravel-whatsapp-server/public/admin/login', 'admin@crudbooster.com login with IP Address ::1', '', 1, '2023-12-16 08:38:49', NULL);
INSERT INTO `cms_logs` VALUES (8, '::1', 'Mozilla/5.0 (Windows NT 10.0; Win64; x64) AppleWebKit/537.36 (KHTML, like Gecko) Chrome/120.0.0.0 Safari/537.36', 'http://localhost/laravel-whatsapp-server/public/admin/module_generator/delete/15', 'Delete data Customer at Module Generator', '', 1, '2023-12-16 08:42:19', NULL);
INSERT INTO `cms_logs` VALUES (9, '::1', 'Mozilla/5.0 (Windows NT 10.0; Win64; x64) AppleWebKit/537.36 (KHTML, like Gecko) Chrome/120.0.0.0 Safari/537.36', 'http://localhost/laravel-whatsapp-server/public/admin/customers/add-save', 'Add New Data ari at Customer', '', 1, '2023-12-16 08:47:31', NULL);
INSERT INTO `cms_logs` VALUES (10, '::1', 'Mozilla/5.0 (Windows NT 10.0; Win64; x64) AppleWebKit/537.36 (KHTML, like Gecko) Chrome/120.0.0.0 Safari/537.36', 'http://localhost/laravel-whatsapp-server/public/admin/customers/add-save', 'Add New Data suryo at Customer', '', 1, '2023-12-16 08:49:16', NULL);
INSERT INTO `cms_logs` VALUES (11, '::1', 'Mozilla/5.0 (Windows NT 10.0; Win64; x64) AppleWebKit/537.36 (KHTML, like Gecko) Chrome/120.0.0.0 Safari/537.36', 'http://localhost/laravel-whatsapp-server/public/admin/customers/add-save', 'Add New Data teknisi at Customer', '', 1, '2023-12-16 08:57:20', NULL);
INSERT INTO `cms_logs` VALUES (12, '127.0.0.1', 'Mozilla/5.0 (Windows NT 10.0; Win64; x64) AppleWebKit/537.36 (KHTML, like Gecko) Chrome/120.0.0.0 Safari/537.36', 'http://127.0.0.1/admin/login', 'admin@crudbooster.com login with IP Address 127.0.0.1', '', 1, '2023-12-18 01:14:01', NULL);
INSERT INTO `cms_logs` VALUES (13, '127.0.0.1', 'Mozilla/5.0 (Windows NT 10.0; Win64; x64) AppleWebKit/537.36 (KHTML, like Gecko) Chrome/120.0.0.0 Safari/537.36', 'http://127.0.0.1/admin/login', 'admin@crudbooster.com login with IP Address 127.0.0.1', '', 1, '2023-12-18 06:27:36', NULL);
INSERT INTO `cms_logs` VALUES (14, '127.0.0.1', 'Mozilla/5.0 (Windows NT 10.0; Win64; x64) AppleWebKit/537.36 (KHTML, like Gecko) Chrome/120.0.0.0 Safari/537.36', 'http://127.0.0.1/admin/customers/delete/3', 'Delete data teknisi at Customer', '', 1, '2023-12-18 07:35:13', NULL);
INSERT INTO `cms_logs` VALUES (15, '127.0.0.1', 'Mozilla/5.0 (Windows NT 10.0; Win64; x64) AppleWebKit/537.36 (KHTML, like Gecko) Chrome/120.0.0.0 Safari/537.36', 'http://127.0.0.1/admin/customers/delete/2', 'Delete data suryo at Customer', '', 1, '2023-12-18 07:35:18', NULL);
INSERT INTO `cms_logs` VALUES (16, '127.0.0.1', 'Mozilla/5.0 (Windows NT 10.0; Win64; x64) AppleWebKit/537.36 (KHTML, like Gecko) Chrome/120.0.0.0 Safari/537.36', 'http://127.0.0.1/admin/customers/delete/1', 'Delete data ari at Customer', '', 1, '2023-12-18 07:35:22', NULL);
INSERT INTO `cms_logs` VALUES (17, '127.0.0.1', 'Mozilla/5.0 (Windows NT 10.0; Win64; x64) AppleWebKit/537.36 (KHTML, like Gecko) Chrome/120.0.0.0 Safari/537.36', 'http://127.0.0.1/admin/customers/add-save', 'Add New Data coba at Customer', '', 1, '2023-12-18 07:39:45', NULL);
INSERT INTO `cms_logs` VALUES (18, '127.0.0.1', 'Mozilla/5.0 (Windows NT 10.0; Win64; x64) AppleWebKit/537.36 (KHTML, like Gecko) Chrome/120.0.0.0 Safari/537.36', 'http://127.0.0.1/admin/outbox/add-save', 'Add New Data  at Outbox', '', 1, '2023-12-18 07:58:03', NULL);
INSERT INTO `cms_logs` VALUES (19, '127.0.0.1', 'Mozilla/5.0 (Windows NT 10.0; Win64; x64) AppleWebKit/537.36 (KHTML, like Gecko) Chrome/120.0.0.0 Safari/537.36', 'http://127.0.0.1/admin/login', 'admin@crudbooster.com login with IP Address 127.0.0.1', '', 1, '2023-12-18 11:44:19', NULL);
INSERT INTO `cms_logs` VALUES (20, '127.0.0.1', 'Mozilla/5.0 (Windows NT 10.0; Win64; x64) AppleWebKit/537.36 (KHTML, like Gecko) Chrome/120.0.0.0 Safari/537.36', 'http://127.0.0.1/admin/customers/add-save', 'Add New Data coba at Customer', '', 1, '2023-12-18 12:19:56', NULL);
INSERT INTO `cms_logs` VALUES (21, '127.0.0.1', 'Mozilla/5.0 (Windows NT 10.0; Win64; x64) AppleWebKit/537.36 (KHTML, like Gecko) Chrome/120.0.0.0 Safari/537.36', 'http://127.0.0.1/admin/customers/add-save', 'Add New Data admin at Customer', '', 1, '2023-12-18 12:20:20', NULL);
INSERT INTO `cms_logs` VALUES (22, '127.0.0.1', 'Mozilla/5.0 (Windows NT 10.0; Win64; x64) AppleWebKit/537.36 (KHTML, like Gecko) Chrome/120.0.0.0 Safari/537.36', 'http://127.0.0.1/admin/login', 'admin@crudbooster.com login with IP Address 127.0.0.1', '', 1, '2023-12-19 01:29:15', NULL);
INSERT INTO `cms_logs` VALUES (23, '127.0.0.1', 'Mozilla/5.0 (Windows NT 10.0; Win64; x64) AppleWebKit/537.36 (KHTML, like Gecko) Chrome/120.0.0.0 Safari/537.36', 'http://127.0.0.1/admin/outbox/add-save', 'Add New Data  at Outbox', '', 1, '2023-12-19 01:40:13', NULL);
INSERT INTO `cms_logs` VALUES (24, '127.0.0.1', 'Mozilla/5.0 (Windows NT 10.0; Win64; x64) AppleWebKit/537.36 (KHTML, like Gecko) Chrome/120.0.0.0 Safari/537.36', 'http://127.0.0.1/admin/customers/edit-save/6', 'Update data suryo at Customer', '<table class=\"table table-striped\"><thead><tr><th>Key</th><th>Old Value</th><th>New Value</th></thead><tbody><tr><td>name</td><td>admin</td><td>suryo</td></tr><tr><td>no_hp</td><td>088888</td><td>6287727655433</td></tr></tbody></table>', 1, '2023-12-19 01:40:48', NULL);
INSERT INTO `cms_logs` VALUES (25, '127.0.0.1', 'Mozilla/5.0 (Windows NT 10.0; Win64; x64) AppleWebKit/537.36 (KHTML, like Gecko) Chrome/120.0.0.0 Safari/537.36', 'http://127.0.0.1/admin/customers/edit-save/5', 'Update data ari at Customer', '<table class=\"table table-striped\"><thead><tr><th>Key</th><th>Old Value</th><th>New Value</th></thead><tbody><tr><td>name</td><td>coba</td><td>ari</td></tr><tr><td>no_hp</td><td>0000000</td><td>6282136214112</td></tr></tbody></table>', 1, '2023-12-19 01:41:03', NULL);
INSERT INTO `cms_logs` VALUES (26, '127.0.0.1', 'Mozilla/5.0 (Windows NT 10.0; Win64; x64) AppleWebKit/537.36 (KHTML, like Gecko) Chrome/120.0.0.0 Safari/537.36', 'http://127.0.0.1/admin/customers/edit-save/4', 'Update data suw at Customer', '<table class=\"table table-striped\"><thead><tr><th>Key</th><th>Old Value</th><th>New Value</th></thead><tbody><tr><td>name</td><td>coba</td><td>suw</td></tr><tr><td>no_hp</td><td>082136214772</td><td>6287737416923</td></tr></tbody></table>', 1, '2023-12-19 01:41:29', NULL);
INSERT INTO `cms_logs` VALUES (27, '127.0.0.1', 'Mozilla/5.0 (Windows NT 10.0; Win64; x64) AppleWebKit/537.36 (KHTML, like Gecko) Chrome/120.0.0.0 Safari/537.36', 'http://127.0.0.1/admin/outbox/add-save', 'Add New Data  at Outbox', '', 1, '2023-12-19 01:41:44', NULL);
INSERT INTO `cms_logs` VALUES (28, '127.0.0.1', 'Mozilla/5.0 (Windows NT 10.0; Win64; x64) AppleWebKit/537.36 (KHTML, like Gecko) Chrome/120.0.0.0 Safari/537.36', 'http://127.0.0.1/admin/outbox/delete/5', 'Delete data 5 at Outbox', '', 1, '2023-12-19 01:46:10', NULL);
INSERT INTO `cms_logs` VALUES (29, '127.0.0.1', 'Mozilla/5.0 (Windows NT 10.0; Win64; x64) AppleWebKit/537.36 (KHTML, like Gecko) Chrome/120.0.0.0 Safari/537.36', 'http://127.0.0.1/admin/outbox/delete/4', 'Delete data 4 at Outbox', '', 1, '2023-12-19 01:46:15', NULL);
INSERT INTO `cms_logs` VALUES (30, '127.0.0.1', 'Mozilla/5.0 (Windows NT 10.0; Win64; x64) AppleWebKit/537.36 (KHTML, like Gecko) Chrome/120.0.0.0 Safari/537.36', 'http://127.0.0.1/admin/outbox/add-save', 'Add New Data  at Outbox', '', 1, '2023-12-19 02:15:03', NULL);
INSERT INTO `cms_logs` VALUES (31, '127.0.0.1', 'Mozilla/5.0 (Windows NT 10.0; Win64; x64) AppleWebKit/537.36 (KHTML, like Gecko) Chrome/120.0.0.0 Safari/537.36', 'http://127.0.0.1/admin/outbox/delete/6', 'Delete data 6 at Outbox', '', 1, '2023-12-19 02:15:11', NULL);
INSERT INTO `cms_logs` VALUES (32, '127.0.0.1', 'Mozilla/5.0 (Windows NT 10.0; Win64; x64) AppleWebKit/537.36 (KHTML, like Gecko) Chrome/120.0.0.0 Safari/537.36', 'http://127.0.0.1/admin/outbox/delete/3', 'Delete data 3 at Outbox', '', 1, '2023-12-19 02:15:17', NULL);
INSERT INTO `cms_logs` VALUES (33, '127.0.0.1', 'Mozilla/5.0 (Windows NT 10.0; Win64; x64) AppleWebKit/537.36 (KHTML, like Gecko) Chrome/120.0.0.0 Safari/537.36', 'http://127.0.0.1/admin/SEND%20WA/add-save', 'Add New Data  at Send Wa', '', 1, '2023-12-19 02:24:53', NULL);
INSERT INTO `cms_logs` VALUES (34, '127.0.0.1', 'Mozilla/5.0 (Windows NT 10.0; Win64; x64) AppleWebKit/537.36 (KHTML, like Gecko) Chrome/120.0.0.0 Safari/537.36', 'http://127.0.0.1/admin/SEND%20WA/delete/2', 'Delete data 2 at Send Wa', '', 1, '2023-12-19 02:24:59', NULL);
INSERT INTO `cms_logs` VALUES (35, '127.0.0.1', 'Mozilla/5.0 (Windows NT 10.0; Win64; x64) AppleWebKit/537.36 (KHTML, like Gecko) Chrome/120.0.0.0 Safari/537.36', 'http://127.0.0.1/admin/SEND%20WA/delete/7', 'Delete data 7 at Send Wa', '', 1, '2023-12-19 02:40:30', NULL);
INSERT INTO `cms_logs` VALUES (36, '127.0.0.1', 'Mozilla/5.0 (Windows NT 10.0; Win64; x64) AppleWebKit/537.36 (KHTML, like Gecko) Chrome/120.0.0.0 Safari/537.36', 'http://127.0.0.1/admin/outbox/add-save', 'Add New Data  at Outbox', '', 1, '2023-12-19 03:21:56', NULL);
INSERT INTO `cms_logs` VALUES (37, '127.0.0.1', 'Mozilla/5.0 (Windows NT 10.0; Win64; x64) AppleWebKit/537.36 (KHTML, like Gecko) Chrome/120.0.0.0 Safari/537.36', 'http://127.0.0.1/admin/SEND%20WA/add-save', 'Add New Data  at Send Wa', '', 1, '2023-12-19 05:27:12', NULL);
INSERT INTO `cms_logs` VALUES (38, '127.0.0.1', 'Mozilla/5.0 (Windows NT 10.0; Win64; x64) AppleWebKit/537.36 (KHTML, like Gecko) Chrome/120.0.0.0 Safari/537.36', 'http://127.0.0.1/admin/menu_management/edit-save/3', 'Update data Send Wa V1 at Menu Management', '<table class=\"table table-striped\"><thead><tr><th>Key</th><th>Old Value</th><th>New Value</th></thead><tbody><tr><td>name</td><td>Outbox</td><td>Send Wa V1</td></tr><tr><td>color</td><td></td><td>normal</td></tr><tr><td>sorting</td><td>3</td><td></td></tr></tbody></table>', 1, '2023-12-19 05:29:06', NULL);
INSERT INTO `cms_logs` VALUES (39, '127.0.0.1', 'Mozilla/5.0 (Windows NT 10.0; Win64; x64) AppleWebKit/537.36 (KHTML, like Gecko) Chrome/120.0.0.0 Safari/537.36', 'http://127.0.0.1/admin/menu_management/edit-save/6', 'Update data Send Wa V2 at Menu Management', '<table class=\"table table-striped\"><thead><tr><th>Key</th><th>Old Value</th><th>New Value</th></thead><tbody><tr><td>name</td><td>Send Wa</td><td>Send Wa V2</td></tr><tr><td>color</td><td></td><td>normal</td></tr><tr><td>sorting</td><td>5</td><td></td></tr></tbody></table>', 1, '2023-12-19 05:29:17', NULL);
INSERT INTO `cms_logs` VALUES (40, '127.0.0.1', 'Mozilla/5.0 (Windows NT 10.0; Win64; x64) AppleWebKit/537.36 (KHTML, like Gecko) Chrome/120.0.0.0 Safari/537.36', 'http://127.0.0.1/admin/Send%20Wa%20V2/add-save', 'Add New Data  at Send Wa V2', '', 1, '2023-12-19 05:30:31', NULL);
INSERT INTO `cms_logs` VALUES (41, '127.0.0.1', 'Mozilla/5.0 (Windows NT 10.0; Win64; x64) AppleWebKit/537.36 (KHTML, like Gecko) Chrome/120.0.0.0 Safari/537.36', 'http://127.0.0.1/admin/Send%20Wa%20V1/add-save', 'Add New Data  at Send Wa V1', '', 1, '2023-12-19 05:37:14', NULL);
INSERT INTO `cms_logs` VALUES (42, '127.0.0.1', 'Mozilla/5.0 (Windows NT 10.0; Win64; x64) AppleWebKit/537.36 (KHTML, like Gecko) Chrome/120.0.0.0 Safari/537.36', 'http://127.0.0.1/admin/Send%20Wa%20V1/add-save', 'Add New Data  at Send Wa V1', '', 1, '2023-12-19 05:38:31', NULL);
INSERT INTO `cms_logs` VALUES (43, '127.0.0.1', 'Mozilla/5.0 (Windows NT 10.0; Win64; x64) AppleWebKit/537.36 (KHTML, like Gecko) Chrome/120.0.0.0 Safari/537.36', 'http://127.0.0.1/admin/Send%20Wa%20V1/delete/8', 'Delete data 8 at Send Wa V1', '', 1, '2023-12-19 05:38:42', NULL);
INSERT INTO `cms_logs` VALUES (44, '127.0.0.1', 'Mozilla/5.0 (Windows NT 10.0; Win64; x64) AppleWebKit/537.36 (KHTML, like Gecko) Chrome/120.0.0.0 Safari/537.36', 'http://127.0.0.1/admin/Send%20Wa%20V1/delete/12', 'Delete data 12 at Send Wa V1', '', 1, '2023-12-19 05:38:48', NULL);
INSERT INTO `cms_logs` VALUES (45, '127.0.0.1', 'Mozilla/5.0 (Windows NT 10.0; Win64; x64) AppleWebKit/537.36 (KHTML, like Gecko) Chrome/120.0.0.0 Safari/537.36', 'http://127.0.0.1/admin/Send%20Wa%20V1/delete/11', 'Delete data 11 at Send Wa V1', '', 1, '2023-12-19 05:38:59', NULL);
INSERT INTO `cms_logs` VALUES (46, '127.0.0.1', 'Mozilla/5.0 (Windows NT 10.0; Win64; x64) AppleWebKit/537.36 (KHTML, like Gecko) Chrome/120.0.0.0 Safari/537.36', 'http://127.0.0.1/admin/Send%20Wa%20V1/delete/10', 'Delete data 10 at Send Wa V1', '', 1, '2023-12-19 05:39:04', NULL);
INSERT INTO `cms_logs` VALUES (47, '127.0.0.1', 'Mozilla/5.0 (Windows NT 10.0; Win64; x64) AppleWebKit/537.36 (KHTML, like Gecko) Chrome/120.0.0.0 Safari/537.36', 'http://127.0.0.1/admin/Send%20Wa%20V1/delete/9', 'Delete data 9 at Send Wa V1', '', 1, '2023-12-19 05:39:08', NULL);
INSERT INTO `cms_logs` VALUES (48, '127.0.0.1', 'Mozilla/5.0 (Windows NT 10.0; Win64; x64) AppleWebKit/537.36 (KHTML, like Gecko) Chrome/120.0.0.0 Safari/537.36', 'http://127.0.0.1/admin/Send%20Wa%20V1/add-save', 'Add New Data  at Send Wa V1', '', 1, '2023-12-19 05:40:37', NULL);
INSERT INTO `cms_logs` VALUES (49, '127.0.0.1', 'Mozilla/5.0 (Windows NT 10.0; Win64; x64) AppleWebKit/537.36 (KHTML, like Gecko) Chrome/120.0.0.0 Safari/537.36', 'http://127.0.0.1/admin/Send%20Wa%20V1/add-save', 'Add New Data  at Send Wa V1', '', 1, '2023-12-19 05:40:57', NULL);
INSERT INTO `cms_logs` VALUES (50, '127.0.0.1', 'Mozilla/5.0 (Windows NT 10.0; Win64; x64) AppleWebKit/537.36 (KHTML, like Gecko) Chrome/120.0.0.0 Safari/537.36', 'http://127.0.0.1/admin/Send%20Wa%20V1/add-save', 'Add New Data  at Send Wa V1', '', 1, '2023-12-19 05:41:14', NULL);
INSERT INTO `cms_logs` VALUES (51, '127.0.0.1', 'Mozilla/5.0 (Windows NT 10.0; Win64; x64) AppleWebKit/537.36 (KHTML, like Gecko) Chrome/120.0.0.0 Safari/537.36', 'http://127.0.0.1/admin/Send%20Wa%20V1/delete/13', 'Delete data 13 at Send Wa V1', '', 1, '2023-12-19 05:41:28', NULL);
INSERT INTO `cms_logs` VALUES (52, '127.0.0.1', 'Mozilla/5.0 (Windows NT 10.0; Win64; x64) AppleWebKit/537.36 (KHTML, like Gecko) Chrome/120.0.0.0 Safari/537.36', 'http://127.0.0.1/admin/Send%20Wa%20V1/delete/14', 'Delete data 14 at Send Wa V1', '', 1, '2023-12-19 05:41:35', NULL);
INSERT INTO `cms_logs` VALUES (53, '127.0.0.1', 'Mozilla/5.0 (Windows NT 10.0; Win64; x64) AppleWebKit/537.36 (KHTML, like Gecko) Chrome/120.0.0.0 Safari/537.36', 'http://127.0.0.1/admin/Send%20Wa%20V2/add-save', 'Add New Data  at Send Wa V2', '', 1, '2023-12-19 05:44:43', NULL);
INSERT INTO `cms_logs` VALUES (54, '127.0.0.1', 'Mozilla/5.0 (Windows NT 10.0; Win64; x64) AppleWebKit/537.36 (KHTML, like Gecko) Chrome/120.0.0.0 Safari/537.36', 'http://127.0.0.1/admin/Send%20Wa%20V1/add-save', 'Add New Data  at Send Wa V1', '', 1, '2023-12-19 05:45:23', NULL);
INSERT INTO `cms_logs` VALUES (55, '127.0.0.1', 'Mozilla/5.0 (Windows NT 10.0; Win64; x64) AppleWebKit/537.36 (KHTML, like Gecko) Chrome/120.0.0.0 Safari/537.36', 'http://127.0.0.1/admin/Send%20Wa%20V2/add-save', 'Add New Data  at Send Wa V2', '', 1, '2023-12-19 05:50:04', NULL);
INSERT INTO `cms_logs` VALUES (56, '127.0.0.1', 'Mozilla/5.0 (Windows NT 10.0; Win64; x64) AppleWebKit/537.36 (KHTML, like Gecko) Chrome/120.0.0.0 Safari/537.36', 'http://127.0.0.1/admin/module_generator/delete/18', 'Delete data Send Birthday at Module Generator', '', 1, '2023-12-19 06:30:01', NULL);
INSERT INTO `cms_logs` VALUES (57, '127.0.0.1', 'Mozilla/5.0 (Windows NT 10.0; Win64; x64) AppleWebKit/537.36 (KHTML, like Gecko) Chrome/120.0.0.0 Safari/537.36', 'http://127.0.0.1/admin/customers/add-save', 'Add New Data suryo 2 at Customer', '', 1, '2023-12-19 06:40:02', NULL);
INSERT INTO `cms_logs` VALUES (58, '127.0.0.1', 'Mozilla/5.0 (Windows NT 10.0; Win64; x64) AppleWebKit/537.36 (KHTML, like Gecko) Chrome/120.0.0.0 Safari/537.36', 'http://127.0.0.1/admin/customers/edit-save/4', 'Update data suw at Customer', '<table class=\"table table-striped\"><thead><tr><th>Key</th><th>Old Value</th><th>New Value</th></thead><tbody><tr><td>ttl</td><td>2023-12-19</td><td>2023-12-18</td></tr></tbody></table>', 1, '2023-12-19 07:05:10', NULL);
INSERT INTO `cms_logs` VALUES (59, '127.0.0.1', 'Mozilla/5.0 (Windows NT 10.0; Win64; x64) AppleWebKit/537.36 (KHTML, like Gecko) Chrome/120.0.0.0 Safari/537.36', 'http://127.0.0.1/admin/Send%20Birthday/add-save', 'Add New Data  at Send Birthday', '', 1, '2023-12-19 07:11:22', NULL);
INSERT INTO `cms_logs` VALUES (60, '127.0.0.1', 'Mozilla/5.0 (Windows NT 10.0; Win64; x64) AppleWebKit/537.36 (KHTML, like Gecko) Chrome/120.0.0.0 Safari/537.36', 'http://127.0.0.1/admin/customers/edit-save/4', 'Update data suw at Customer', '<table class=\"table table-striped\"><thead><tr><th>Key</th><th>Old Value</th><th>New Value</th></thead><tbody><tr><td>ttl</td><td>2023-12-18</td><td>2023-12-19</td></tr></tbody></table>', 1, '2023-12-19 07:12:11', NULL);
INSERT INTO `cms_logs` VALUES (61, '127.0.0.1', 'Mozilla/5.0 (Windows NT 10.0; Win64; x64) AppleWebKit/537.36 (KHTML, like Gecko) Chrome/120.0.0.0 Safari/537.36', 'http://127.0.0.1/admin/Send%20Birthday/add-save', 'Add New Data  at Send Birthday', '', 1, '2023-12-19 07:13:21', NULL);
INSERT INTO `cms_logs` VALUES (62, '127.0.0.1', 'Mozilla/5.0 (Windows NT 10.0; Win64; x64) AppleWebKit/537.36 (KHTML, like Gecko) Chrome/120.0.0.0 Safari/537.36', 'http://127.0.0.1/admin/Send%20Birthday/add-save', 'Add New Data  at Send Birthday', '', 1, '2023-12-19 07:21:52', NULL);
INSERT INTO `cms_logs` VALUES (63, '127.0.0.1', 'Mozilla/5.0 (Windows NT 10.0; Win64; x64) AppleWebKit/537.36 (KHTML, like Gecko) Chrome/120.0.0.0 Safari/537.36', 'http://127.0.0.1/admin/Send%20Birthday/add-save', 'Add New Data  at Send Birthday', '', 1, '2023-12-19 07:22:17', NULL);
INSERT INTO `cms_logs` VALUES (64, '127.0.0.1', 'Mozilla/5.0 (Windows NT 10.0; Win64; x64) AppleWebKit/537.36 (KHTML, like Gecko) Chrome/120.0.0.0 Safari/537.36', 'http://127.0.0.1/admin/Send%20Birthday/add-save', 'Add New Data  at Send Birthday', '', 1, '2023-12-19 07:24:47', NULL);
INSERT INTO `cms_logs` VALUES (65, '127.0.0.1', 'Mozilla/5.0 (Windows NT 10.0; Win64; x64) AppleWebKit/537.36 (KHTML, like Gecko) Chrome/120.0.0.0 Safari/537.36', 'http://127.0.0.1/admin/Send%20Birthday/add-save', 'Add New Data  at Send Birthday', '', 1, '2023-12-19 07:25:56', NULL);
INSERT INTO `cms_logs` VALUES (66, '127.0.0.1', 'Mozilla/5.0 (Windows NT 10.0; Win64; x64) AppleWebKit/537.36 (KHTML, like Gecko) Chrome/120.0.0.0 Safari/537.36', 'http://127.0.0.1/admin/Send%20Birthday/add-save', 'Add New Data  at Send Birthday', '', 1, '2023-12-19 07:26:58', NULL);
INSERT INTO `cms_logs` VALUES (67, '127.0.0.1', 'Mozilla/5.0 (Windows NT 10.0; Win64; x64) AppleWebKit/537.36 (KHTML, like Gecko) Chrome/120.0.0.0 Safari/537.36', 'http://127.0.0.1/admin/Send%20Birthday/add-save', 'Add New Data  at Send Birthday', '', 1, '2023-12-19 07:29:27', NULL);
INSERT INTO `cms_logs` VALUES (68, '127.0.0.1', 'Mozilla/5.0 (Windows NT 10.0; Win64; x64) AppleWebKit/537.36 (KHTML, like Gecko) Chrome/120.0.0.0 Safari/537.36', 'http://127.0.0.1/admin/Send%20Birthday/add-save', 'Add New Data  at Send Birthday', '', 1, '2023-12-19 07:32:55', NULL);
INSERT INTO `cms_logs` VALUES (69, '127.0.0.1', 'Mozilla/5.0 (Windows NT 10.0; Win64; x64) AppleWebKit/537.36 (KHTML, like Gecko) Chrome/120.0.0.0 Safari/537.36', 'http://127.0.0.1/admin/Send%20Birthday/add-save', 'Add New Data  at Send Birthday', '', 1, '2023-12-19 07:33:27', NULL);
INSERT INTO `cms_logs` VALUES (70, '127.0.0.1', 'Mozilla/5.0 (Windows NT 10.0; Win64; x64) AppleWebKit/537.36 (KHTML, like Gecko) Chrome/120.0.0.0 Safari/537.36', 'http://127.0.0.1/admin/Send%20Birthday/add-save', 'Add New Data  at Send Birthday', '', 1, '2023-12-19 07:49:01', NULL);
INSERT INTO `cms_logs` VALUES (71, '127.0.0.1', 'Mozilla/5.0 (Windows NT 10.0; Win64; x64) AppleWebKit/537.36 (KHTML, like Gecko) Chrome/120.0.0.0 Safari/537.36', 'http://127.0.0.1/admin/Send%20Birthday/add-save', 'Add New Data  at Send Birthday', '', 1, '2023-12-19 08:13:33', NULL);
INSERT INTO `cms_logs` VALUES (72, '127.0.0.1', 'Mozilla/5.0 (Windows NT 10.0; Win64; x64) AppleWebKit/537.36 (KHTML, like Gecko) Chrome/120.0.0.0 Safari/537.36', 'http://127.0.0.1/admin/Send%20Birthday/add-save', 'Add New Data  at Send Birthday', '', 1, '2023-12-19 08:14:08', NULL);
INSERT INTO `cms_logs` VALUES (73, '127.0.0.1', 'Mozilla/5.0 (Windows NT 10.0; Win64; x64) AppleWebKit/537.36 (KHTML, like Gecko) Chrome/120.0.0.0 Safari/537.36', 'http://127.0.0.1/admin/Send%20Birthday/delete/13', 'Delete data 13 at Send Birthday', '', 1, '2023-12-19 08:14:45', NULL);
INSERT INTO `cms_logs` VALUES (74, '127.0.0.1', 'Mozilla/5.0 (Windows NT 10.0; Win64; x64) AppleWebKit/537.36 (KHTML, like Gecko) Chrome/120.0.0.0 Safari/537.36', 'http://127.0.0.1/admin/Send%20Birthday/delete/12', 'Delete data 12 at Send Birthday', '', 1, '2023-12-19 08:14:48', NULL);
INSERT INTO `cms_logs` VALUES (75, '127.0.0.1', 'Mozilla/5.0 (Windows NT 10.0; Win64; x64) AppleWebKit/537.36 (KHTML, like Gecko) Chrome/120.0.0.0 Safari/537.36', 'http://127.0.0.1/admin/Send%20Birthday/delete/11', 'Delete data 11 at Send Birthday', '', 1, '2023-12-19 08:14:51', NULL);
INSERT INTO `cms_logs` VALUES (76, '127.0.0.1', 'Mozilla/5.0 (Windows NT 10.0; Win64; x64) AppleWebKit/537.36 (KHTML, like Gecko) Chrome/120.0.0.0 Safari/537.36', 'http://127.0.0.1/admin/Send%20Birthday/delete/10', 'Delete data 10 at Send Birthday', '', 1, '2023-12-19 08:14:58', NULL);
INSERT INTO `cms_logs` VALUES (77, '127.0.0.1', 'Mozilla/5.0 (Windows NT 10.0; Win64; x64) AppleWebKit/537.36 (KHTML, like Gecko) Chrome/120.0.0.0 Safari/537.36', 'http://127.0.0.1/admin/Send%20Birthday/delete/9', 'Delete data 9 at Send Birthday', '', 1, '2023-12-19 08:15:01', NULL);
INSERT INTO `cms_logs` VALUES (78, '127.0.0.1', 'Mozilla/5.0 (Windows NT 10.0; Win64; x64) AppleWebKit/537.36 (KHTML, like Gecko) Chrome/120.0.0.0 Safari/537.36', 'http://127.0.0.1/admin/Send%20Birthday/delete/8', 'Delete data 8 at Send Birthday', '', 1, '2023-12-19 08:15:04', NULL);
INSERT INTO `cms_logs` VALUES (79, '127.0.0.1', 'Mozilla/5.0 (Windows NT 10.0; Win64; x64) AppleWebKit/537.36 (KHTML, like Gecko) Chrome/120.0.0.0 Safari/537.36', 'http://127.0.0.1/admin/Send%20Birthday/delete/7', 'Delete data 7 at Send Birthday', '', 1, '2023-12-19 08:15:07', NULL);
INSERT INTO `cms_logs` VALUES (80, '127.0.0.1', 'Mozilla/5.0 (Windows NT 10.0; Win64; x64) AppleWebKit/537.36 (KHTML, like Gecko) Chrome/120.0.0.0 Safari/537.36', 'http://127.0.0.1/admin/Send%20Wa%20V1/add-save', 'Add New Data  at Send Wa V1', '', 1, '2023-12-19 08:17:01', NULL);
INSERT INTO `cms_logs` VALUES (81, '127.0.0.1', 'Mozilla/5.0 (Windows NT 10.0; Win64; x64) AppleWebKit/537.36 (KHTML, like Gecko) Chrome/120.0.0.0 Safari/537.36', 'http://127.0.0.1/admin/Send%20Wa%20V1/add-save', 'Add New Data  at Send Wa V1', '', 1, '2023-12-19 08:17:16', NULL);
INSERT INTO `cms_logs` VALUES (82, '127.0.0.1', 'Mozilla/5.0 (Windows NT 10.0; Win64; x64) AppleWebKit/537.36 (KHTML, like Gecko) Chrome/120.0.0.0 Safari/537.36', 'http://127.0.0.1/admin/Send%20Wa%20V2/add-save', 'Add New Data  at Send Wa V2', '', 1, '2023-12-19 08:17:50', NULL);
INSERT INTO `cms_logs` VALUES (83, '127.0.0.1', 'Mozilla/5.0 (Windows NT 10.0; Win64; x64) AppleWebKit/537.36 (KHTML, like Gecko) Chrome/120.0.0.0 Safari/537.36', 'http://127.0.0.1/admin/Send%20Birthday/add-save', 'Add New Data  at Send Birthday', '', 1, '2023-12-19 08:18:26', NULL);
INSERT INTO `cms_logs` VALUES (84, '127.0.0.1', 'Mozilla/5.0 (Windows NT 10.0; Win64; x64) AppleWebKit/537.36 (KHTML, like Gecko) Chrome/120.0.0.0 Safari/537.36', 'http://127.0.0.1/admin/device/add-save', 'Add New Data suryo at Device', '', 1, '2023-12-19 08:20:00', NULL);
INSERT INTO `cms_logs` VALUES (85, '127.0.0.1', 'Mozilla/5.0 (Windows NT 10.0; Win64; x64) AppleWebKit/537.36 (KHTML, like Gecko) Chrome/120.0.0.0 Safari/537.36', 'http://127.0.0.1/admin/Send%20Wa%20V2/add-save', 'Add New Data  at Send Wa V2', '', 1, '2023-12-19 08:21:17', NULL);
INSERT INTO `cms_logs` VALUES (86, '127.0.0.1', 'Mozilla/5.0 (Windows NT 10.0; Win64; x64) AppleWebKit/537.36 (KHTML, like Gecko) Chrome/120.0.0.0 Safari/537.36', 'http://127.0.0.1/admin/login', 'admin@crudbooster.com login with IP Address 127.0.0.1', '', 1, '2023-12-20 02:03:54', NULL);
INSERT INTO `cms_logs` VALUES (87, '127.0.0.1', 'Mozilla/5.0 (Windows NT 10.0; Win64; x64) AppleWebKit/537.36 (KHTML, like Gecko) Chrome/120.0.0.0 Safari/537.36', 'http://127.0.0.1/admin/customers/delete/5', 'Delete data ari at Customer', '', 1, '2023-12-20 02:04:21', NULL);
INSERT INTO `cms_logs` VALUES (88, '127.0.0.1', 'Mozilla/5.0 (Windows NT 10.0; Win64; x64) AppleWebKit/537.36 (KHTML, like Gecko) Chrome/120.0.0.0 Safari/537.36', 'http://127.0.0.1/admin/users/add-save', 'Add New Data admin at Users Management', '', 1, '2023-12-20 02:07:23', NULL);
INSERT INTO `cms_logs` VALUES (89, '127.0.0.1', 'Mozilla/5.0 (Windows NT 10.0; Win64; x64) AppleWebKit/537.36 (KHTML, like Gecko) Chrome/120.0.0.0 Safari/537.36', 'http://127.0.0.1/admin/logout', 'admin@crudbooster.com logout', '', 1, '2023-12-20 02:07:29', NULL);
INSERT INTO `cms_logs` VALUES (90, '127.0.0.1', 'Mozilla/5.0 (Windows NT 10.0; Win64; x64) AppleWebKit/537.36 (KHTML, like Gecko) Chrome/120.0.0.0 Safari/537.36', 'http://127.0.0.1/admin/login', 'admin@gmail.com login with IP Address 127.0.0.1', '', 2, '2023-12-20 02:07:40', NULL);
INSERT INTO `cms_logs` VALUES (91, '127.0.0.1', 'Mozilla/5.0 (Windows NT 10.0; Win64; x64) AppleWebKit/537.36 (KHTML, like Gecko) Chrome/120.0.0.0 Safari/537.36', 'http://127.0.0.1/admin/logout', 'admin@gmail.com logout', '', 2, '2023-12-20 02:07:50', NULL);
INSERT INTO `cms_logs` VALUES (92, '127.0.0.1', 'Mozilla/5.0 (Windows NT 10.0; Win64; x64) AppleWebKit/537.36 (KHTML, like Gecko) Chrome/120.0.0.0 Safari/537.36', 'http://127.0.0.1/admin/login', 'admin@crudbooster.com login with IP Address 127.0.0.1', '', 1, '2023-12-20 02:08:00', NULL);
INSERT INTO `cms_logs` VALUES (93, '192.168.4.90', 'Mozilla/5.0 (Linux; Android 10; K) AppleWebKit/537.36 (KHTML, like Gecko) Chrome/120.0.0.0 Mobile Safari/537.36', 'http://192.168.4.76/laravel-whatsapp-server/public/admin/login', 'admin@gmail.com login with IP Address 192.168.4.90', '', 2, '2023-12-20 02:10:37', NULL);
INSERT INTO `cms_logs` VALUES (94, '127.0.0.1', 'Mozilla/5.0 (Windows NT 10.0; Win64; x64) AppleWebKit/537.36 (KHTML, like Gecko) Chrome/120.0.0.0 Safari/537.36', 'http://127.0.0.1/admin/menu_management/edit-save/1', 'Update data Device at Menu Management', '<table class=\"table table-striped\"><thead><tr><th>Key</th><th>Old Value</th><th>New Value</th></thead><tbody><tr><td>color</td><td></td><td>normal</td></tr></tbody></table>', 1, '2023-12-20 02:15:18', NULL);
INSERT INTO `cms_logs` VALUES (95, '127.0.0.1', 'Mozilla/5.0 (Windows NT 10.0; Win64; x64) AppleWebKit/537.36 (KHTML, like Gecko) Chrome/120.0.0.0 Safari/537.36', 'http://127.0.0.1/admin/menu_management/edit-save/5', 'Update data Customer at Menu Management', '<table class=\"table table-striped\"><thead><tr><th>Key</th><th>Old Value</th><th>New Value</th></thead><tbody><tr><td>color</td><td></td><td>normal</td></tr><tr><td>sorting</td><td>2</td><td></td></tr></tbody></table>', 1, '2023-12-20 02:16:38', NULL);
INSERT INTO `cms_logs` VALUES (96, '127.0.0.1', 'Mozilla/5.0 (Windows NT 10.0; Win64; x64) AppleWebKit/537.36 (KHTML, like Gecko) Chrome/120.0.0.0 Safari/537.36', 'http://127.0.0.1/admin/menu_management/edit-save/3', 'Update data Send Wa V1 at Menu Management', '<table class=\"table table-striped\"><thead><tr><th>Key</th><th>Old Value</th><th>New Value</th></thead><tbody><tr><td>sorting</td><td>3</td><td></td></tr></tbody></table>', 1, '2023-12-20 02:16:49', NULL);
INSERT INTO `cms_logs` VALUES (97, '127.0.0.1', 'Mozilla/5.0 (Windows NT 10.0; Win64; x64) AppleWebKit/537.36 (KHTML, like Gecko) Chrome/120.0.0.0 Safari/537.36', 'http://127.0.0.1/admin/menu_management/edit-save/6', 'Update data Send Wa V2 at Menu Management', '<table class=\"table table-striped\"><thead><tr><th>Key</th><th>Old Value</th><th>New Value</th></thead><tbody><tr><td>sorting</td><td>4</td><td></td></tr></tbody></table>', 1, '2023-12-20 02:17:47', NULL);
INSERT INTO `cms_logs` VALUES (98, '127.0.0.1', 'Mozilla/5.0 (Windows NT 10.0; Win64; x64) AppleWebKit/537.36 (KHTML, like Gecko) Chrome/120.0.0.0 Safari/537.36', 'http://127.0.0.1/admin/menu_management/edit-save/6', 'Update data Send Wa V2 at Menu Management', '<table class=\"table table-striped\"><thead><tr><th>Key</th><th>Old Value</th><th>New Value</th></thead><tbody><tr><td>sorting</td><td>4</td><td></td></tr></tbody></table>', 1, '2023-12-20 02:18:03', NULL);
INSERT INTO `cms_logs` VALUES (99, '127.0.0.1', 'Mozilla/5.0 (Windows NT 10.0; Win64; x64) AppleWebKit/537.36 (KHTML, like Gecko) Chrome/120.0.0.0 Safari/537.36', 'http://127.0.0.1/admin/menu_management/edit-save/8', 'Update data Send Birthday at Menu Management', '<table class=\"table table-striped\"><thead><tr><th>Key</th><th>Old Value</th><th>New Value</th></thead><tbody><tr><td>color</td><td></td><td>normal</td></tr><tr><td>sorting</td><td>5</td><td></td></tr></tbody></table>', 1, '2023-12-20 02:18:29', NULL);
INSERT INTO `cms_logs` VALUES (100, '127.0.0.1', 'Mozilla/5.0 (Windows NT 10.0; Win64; x64) AppleWebKit/537.36 (KHTML, like Gecko) Chrome/120.0.0.0 Safari/537.36', 'http://127.0.0.1/admin/logout', 'admin@crudbooster.com logout', '', 1, '2023-12-20 02:18:35', NULL);
INSERT INTO `cms_logs` VALUES (101, '127.0.0.1', 'Mozilla/5.0 (Windows NT 10.0; Win64; x64) AppleWebKit/537.36 (KHTML, like Gecko) Chrome/120.0.0.0 Safari/537.36', 'http://127.0.0.1/admin/login', 'admin@gmail.com login with IP Address 127.0.0.1', '', 2, '2023-12-20 02:18:44', NULL);
INSERT INTO `cms_logs` VALUES (102, '127.0.0.1', 'Mozilla/5.0 (Windows NT 10.0; Win64; x64) AppleWebKit/537.36 (KHTML, like Gecko) Chrome/120.0.0.0 Safari/537.36', 'http://127.0.0.1/admin/logout', 'admin@gmail.com logout', '', 2, '2023-12-20 02:18:54', NULL);
INSERT INTO `cms_logs` VALUES (103, '127.0.0.1', 'Mozilla/5.0 (Windows NT 10.0; Win64; x64) AppleWebKit/537.36 (KHTML, like Gecko) Chrome/120.0.0.0 Safari/537.36', 'http://127.0.0.1/admin/login', 'admin@gmail.com login with IP Address 127.0.0.1', '', 2, '2023-12-20 02:19:05', NULL);
INSERT INTO `cms_logs` VALUES (104, '127.0.0.1', 'Mozilla/5.0 (Windows NT 10.0; Win64; x64) AppleWebKit/537.36 (KHTML, like Gecko) Chrome/120.0.0.0 Safari/537.36', 'http://127.0.0.1/admin/device/delete/1', 'Delete data ari4889 at Device', '', 2, '2023-12-20 02:19:12', NULL);
INSERT INTO `cms_logs` VALUES (105, '127.0.0.1', 'Mozilla/5.0 (Windows NT 10.0; Win64; x64) AppleWebKit/537.36 (KHTML, like Gecko) Chrome/120.0.0.0 Safari/537.36', 'http://127.0.0.1/admin/device/delete/2', 'Delete data suryo at Device', '', 2, '2023-12-20 02:19:17', NULL);
INSERT INTO `cms_logs` VALUES (106, '127.0.0.1', 'Mozilla/5.0 (Windows NT 10.0; Win64; x64) AppleWebKit/537.36 (KHTML, like Gecko) Chrome/120.0.0.0 Safari/537.36', 'http://127.0.0.1/admin/Send%20Wa%20V1/delete/22', 'Delete data 22 at Send Wa V1', '', 2, '2023-12-20 02:19:32', NULL);
INSERT INTO `cms_logs` VALUES (107, '127.0.0.1', 'Mozilla/5.0 (Windows NT 10.0; Win64; x64) AppleWebKit/537.36 (KHTML, like Gecko) Chrome/120.0.0.0 Safari/537.36', 'http://127.0.0.1/admin/Send%20Wa%20V1/delete/21', 'Delete data 21 at Send Wa V1', '', 2, '2023-12-20 02:19:36', NULL);
INSERT INTO `cms_logs` VALUES (108, '127.0.0.1', 'Mozilla/5.0 (Windows NT 10.0; Win64; x64) AppleWebKit/537.36 (KHTML, like Gecko) Chrome/120.0.0.0 Safari/537.36', 'http://127.0.0.1/admin/Send%20Wa%20V1/delete/19', 'Delete data 19 at Send Wa V1', '', 2, '2023-12-20 02:19:39', NULL);
INSERT INTO `cms_logs` VALUES (109, '127.0.0.1', 'Mozilla/5.0 (Windows NT 10.0; Win64; x64) AppleWebKit/537.36 (KHTML, like Gecko) Chrome/120.0.0.0 Safari/537.36', 'http://127.0.0.1/admin/Send%20Wa%20V1/delete/20', 'Delete data 20 at Send Wa V1', '', 2, '2023-12-20 02:19:43', NULL);
INSERT INTO `cms_logs` VALUES (110, '127.0.0.1', 'Mozilla/5.0 (Windows NT 10.0; Win64; x64) AppleWebKit/537.36 (KHTML, like Gecko) Chrome/120.0.0.0 Safari/537.36', 'http://127.0.0.1/admin/Send%20Birthday/delete/14', 'Delete data 14 at Send Birthday', '', 2, '2023-12-20 02:19:50', NULL);
INSERT INTO `cms_logs` VALUES (111, '127.0.0.1', 'Mozilla/5.0 (Windows NT 10.0; Win64; x64) AppleWebKit/537.36 (KHTML, like Gecko) Chrome/120.0.0.0 Safari/537.36', 'http://127.0.0.1/admin/customers/delete/7', 'Delete data suryo 2 at Customer', '', 2, '2023-12-20 02:20:01', NULL);
INSERT INTO `cms_logs` VALUES (112, '127.0.0.1', 'Mozilla/5.0 (Windows NT 10.0; Win64; x64) AppleWebKit/537.36 (KHTML, like Gecko) Chrome/120.0.0.0 Safari/537.36', 'http://127.0.0.1/admin/customers/delete/6', 'Delete data suryo at Customer', '', 2, '2023-12-20 02:20:06', NULL);
INSERT INTO `cms_logs` VALUES (113, '127.0.0.1', 'Mozilla/5.0 (Windows NT 10.0; Win64; x64) AppleWebKit/537.36 (KHTML, like Gecko) Chrome/120.0.0.0 Safari/537.36', 'http://127.0.0.1/admin/customers/delete/4', 'Delete data suw at Customer', '', 2, '2023-12-20 02:20:09', NULL);
INSERT INTO `cms_logs` VALUES (114, '127.0.0.1', 'Mozilla/5.0 (Windows NT 10.0; Win64; x64) AppleWebKit/537.36 (KHTML, like Gecko) Chrome/120.0.0.0 Safari/537.36', 'http://127.0.0.1/admin/device/add-save', 'Add New Data ari at Device', '', 2, '2023-12-20 02:20:40', NULL);
INSERT INTO `cms_logs` VALUES (115, '127.0.0.1', 'Mozilla/5.0 (Windows NT 10.0; Win64; x64) AppleWebKit/537.36 (KHTML, like Gecko) Chrome/120.0.0.0 Safari/537.36', 'http://127.0.0.1/admin/customers/add-save', 'Add New Data suryo at Customer', '', 2, '2023-12-20 02:35:29', NULL);
INSERT INTO `cms_logs` VALUES (116, '127.0.0.1', 'Mozilla/5.0 (Windows NT 10.0; Win64; x64) AppleWebKit/537.36 (KHTML, like Gecko) Chrome/120.0.0.0 Safari/537.36', 'http://127.0.0.1/admin/customers/add-save', 'Add New Data suryo at Customer', '', 2, '2023-12-20 02:36:06', NULL);
INSERT INTO `cms_logs` VALUES (117, '127.0.0.1', 'Mozilla/5.0 (Windows NT 10.0; Win64; x64) AppleWebKit/537.36 (KHTML, like Gecko) Chrome/120.0.0.0 Safari/537.36', 'http://127.0.0.1/admin/Send%20Wa%20V1/add-save', 'Add New Data  at Send Wa V1', '', 2, '2023-12-20 02:36:34', NULL);
INSERT INTO `cms_logs` VALUES (118, '127.0.0.1', 'Mozilla/5.0 (Windows NT 10.0; Win64; x64) AppleWebKit/537.36 (KHTML, like Gecko) Chrome/120.0.0.0 Safari/537.36', 'http://127.0.0.1/admin/device/delete/3', 'Delete data ari9066 at Device', '', 2, '2023-12-20 02:37:30', NULL);
INSERT INTO `cms_logs` VALUES (119, '127.0.0.1', 'Mozilla/5.0 (Windows NT 10.0; Win64; x64) AppleWebKit/537.36 (KHTML, like Gecko) Chrome/120.0.0.0 Safari/537.36', 'http://127.0.0.1/admin/device/add-save', 'Add New Data ari at Device', '', 2, '2023-12-20 02:37:57', NULL);
INSERT INTO `cms_logs` VALUES (120, '127.0.0.1', 'Mozilla/5.0 (Windows NT 10.0; Win64; x64) AppleWebKit/537.36 (KHTML, like Gecko) Chrome/120.0.0.0 Safari/537.36', 'http://127.0.0.1/admin/Send%20Wa%20V2/add-save', 'Add New Data  at Send Wa V2', '', 2, '2023-12-20 02:41:59', NULL);
INSERT INTO `cms_logs` VALUES (121, '127.0.0.1', 'Mozilla/5.0 (Windows NT 10.0; Win64; x64) AppleWebKit/537.36 (KHTML, like Gecko) Chrome/120.0.0.0 Safari/537.36', 'http://127.0.0.1/admin/Send%20Birthday/add-save', 'Add New Data  at Send Birthday', '', 2, '2023-12-20 02:51:23', NULL);
INSERT INTO `cms_logs` VALUES (122, '127.0.0.1', 'Mozilla/5.0 (Windows NT 10.0; Win64; x64) AppleWebKit/537.36 (KHTML, like Gecko) Chrome/120.0.0.0 Safari/537.36', 'http://127.0.0.1/admin/Send%20Birthday/add-save', 'Add New Data  at Send Birthday', '', 2, '2023-12-20 02:58:17', NULL);
INSERT INTO `cms_logs` VALUES (123, '127.0.0.1', 'Mozilla/5.0 (Windows NT 10.0; Win64; x64) AppleWebKit/537.36 (KHTML, like Gecko) Chrome/120.0.0.0 Safari/537.36', 'http://127.0.0.1/admin/Send%20Birthday/add-save', 'Add New Data  at Send Birthday', '', 2, '2023-12-20 02:58:56', NULL);
INSERT INTO `cms_logs` VALUES (124, '127.0.0.1', 'Mozilla/5.0 (Windows NT 10.0; Win64; x64) AppleWebKit/537.36 (KHTML, like Gecko) Chrome/120.0.0.0 Safari/537.36', 'http://127.0.0.1/admin/Send%20Birthday/add-save', 'Add New Data  at Send Birthday', '', 2, '2023-12-20 03:00:22', NULL);
INSERT INTO `cms_logs` VALUES (125, '127.0.0.1', 'Mozilla/5.0 (Windows NT 10.0; Win64; x64) AppleWebKit/537.36 (KHTML, like Gecko) Chrome/120.0.0.0 Safari/537.36', 'http://127.0.0.1/admin/login', 'admin@gmail.com login with IP Address 127.0.0.1', '', 2, '2023-12-20 07:36:29', NULL);
INSERT INTO `cms_logs` VALUES (126, '127.0.0.1', 'Mozilla/5.0 (Windows NT 10.0; Win64; x64) AppleWebKit/537.36 (KHTML, like Gecko) Chrome/120.0.0.0 Safari/537.36', 'http://127.0.0.1/admin/device/add-save', 'Add New Data suryo at Device', '', 2, '2023-12-20 07:37:05', NULL);
INSERT INTO `cms_logs` VALUES (127, '127.0.0.1', 'Mozilla/5.0 (Windows NT 10.0; Win64; x64) AppleWebKit/537.36 (KHTML, like Gecko) Chrome/120.0.0.0 Safari/537.36', 'http://127.0.0.1/admin/customers/delete/9', 'Delete data suryo at Customer', '', 2, '2023-12-20 07:38:13', NULL);
INSERT INTO `cms_logs` VALUES (128, '127.0.0.1', 'Mozilla/5.0 (Windows NT 10.0; Win64; x64) AppleWebKit/537.36 (KHTML, like Gecko) Chrome/120.0.0.0 Safari/537.36', 'http://127.0.0.1/admin/Send%20Wa%20V2/add-save', 'Add New Data  at Send Wa V2', '', 2, '2023-12-20 07:39:05', NULL);
INSERT INTO `cms_logs` VALUES (129, '127.0.0.1', 'Mozilla/5.0 (Windows NT 10.0; Win64; x64) AppleWebKit/537.36 (KHTML, like Gecko) Chrome/120.0.0.0 Safari/537.36', 'http://127.0.0.1/admin/customers/edit-save/8', 'Update data suryo at Customer', '<table class=\"table table-striped\"><thead><tr><th>Key</th><th>Old Value</th><th>New Value</th></thead><tbody><tr><td>ttl</td><td>2023-12-20</td><td>2023-12-21</td></tr><tr><td>id_device</td><td>3</td><td>4</td></tr></tbody></table>', 2, '2023-12-20 07:40:02', NULL);
INSERT INTO `cms_logs` VALUES (130, '127.0.0.1', 'Mozilla/5.0 (Windows NT 10.0; Win64; x64) AppleWebKit/537.36 (KHTML, like Gecko) Chrome/120.0.0.0 Safari/537.36', 'http://127.0.0.1/admin/customers/edit-save/8', 'Update data suryo at Customer', '<table class=\"table table-striped\"><thead><tr><th>Key</th><th>Old Value</th><th>New Value</th></thead><tbody><tr><td>id_device</td><td>4</td><td>5</td></tr></tbody></table>', 2, '2023-12-20 07:40:12', NULL);
INSERT INTO `cms_logs` VALUES (131, '127.0.0.1', 'Mozilla/5.0 (Windows NT 10.0; Win64; x64) AppleWebKit/537.36 (KHTML, like Gecko) Chrome/120.0.0.0 Safari/537.36', 'http://127.0.0.1/admin/customers/edit-save/8', 'Update data suryo at Customer', '<table class=\"table table-striped\"><thead><tr><th>Key</th><th>Old Value</th><th>New Value</th></thead><tbody><tr><td>ttl</td><td>2023-12-21</td><td>1980-12-20</td></tr></tbody></table>', 2, '2023-12-20 07:55:02', NULL);
INSERT INTO `cms_logs` VALUES (132, '127.0.0.1', 'Mozilla/5.0 (Windows NT 10.0; Win64; x64) AppleWebKit/537.36 (KHTML, like Gecko) Chrome/120.0.0.0 Safari/537.36', 'http://127.0.0.1/admin/login', 'admin@gmail.com login with IP Address 127.0.0.1', '', 2, '2023-12-21 01:23:18', NULL);
INSERT INTO `cms_logs` VALUES (133, '127.0.0.1', 'Mozilla/5.0 (Windows NT 10.0; Win64; x64) AppleWebKit/537.36 (KHTML, like Gecko) Chrome/120.0.0.0 Safari/537.36', 'http://127.0.0.1/admin/device/delete/5', 'Delete data suryo at Device', '', 2, '2023-12-21 01:30:50', NULL);
INSERT INTO `cms_logs` VALUES (134, '127.0.0.1', 'Mozilla/5.0 (Windows NT 10.0; Win64; x64) AppleWebKit/537.36 (KHTML, like Gecko) Chrome/120.0.0.0 Safari/537.36', 'http://127.0.0.1/admin/customers/add-save', 'Add New Data suryo2 at Customer', '', 2, '2023-12-21 01:31:53', NULL);
INSERT INTO `cms_logs` VALUES (135, '127.0.0.1', 'Mozilla/5.0 (Windows NT 10.0; Win64; x64) AppleWebKit/537.36 (KHTML, like Gecko) Chrome/120.0.0.0 Safari/537.36', 'http://127.0.0.1/admin/Send%20Wa%20V2/add-save', 'Add New Data  at Send Wa V2', '', 2, '2023-12-21 01:34:51', NULL);
INSERT INTO `cms_logs` VALUES (136, '127.0.0.1', 'Mozilla/5.0 (Windows NT 10.0; Win64; x64) AppleWebKit/537.36 (KHTML, like Gecko) Chrome/120.0.0.0 Safari/537.36', 'http://127.0.0.1/admin/Send%20Wa%20V2/delete/26', 'Delete data 26 at Send Wa V2', '', 2, '2023-12-21 01:35:00', NULL);
INSERT INTO `cms_logs` VALUES (137, '127.0.0.1', 'Mozilla/5.0 (Windows NT 10.0; Win64; x64) AppleWebKit/537.36 (KHTML, like Gecko) Chrome/120.0.0.0 Safari/537.36', 'http://127.0.0.1/admin/login', 'admin@gmail.com login with IP Address 127.0.0.1', '', 2, '2023-12-22 07:54:37', NULL);
INSERT INTO `cms_logs` VALUES (138, '127.0.0.1', 'Mozilla/5.0 (Windows NT 10.0; Win64; x64) AppleWebKit/537.36 (KHTML, like Gecko) Chrome/120.0.0.0 Safari/537.36', 'http://127.0.0.1/admin/customers/add-save', 'Add New Data test at Customer', '', 2, '2023-12-22 07:55:22', NULL);
INSERT INTO `cms_logs` VALUES (139, '127.0.0.1', 'Mozilla/5.0 (Windows NT 10.0; Win64; x64) AppleWebKit/537.36 (KHTML, like Gecko) Chrome/120.0.0.0 Safari/537.36', 'http://127.0.0.1/admin/customers/add-save', 'Add New Data test2 at Customer', '', 2, '2023-12-22 07:55:36', NULL);
INSERT INTO `cms_logs` VALUES (140, '127.0.0.1', 'Mozilla/5.0 (Windows NT 10.0; Win64; x64) AppleWebKit/537.36 (KHTML, like Gecko) Chrome/120.0.0.0 Safari/537.36', 'http://127.0.0.1/admin/customers/add-save', 'Add New Data test3 at Customer', '', 2, '2023-12-22 07:55:51', NULL);
INSERT INTO `cms_logs` VALUES (141, '127.0.0.1', 'Mozilla/5.0 (Windows NT 10.0; Win64; x64) AppleWebKit/537.36 (KHTML, like Gecko) Chrome/120.0.0.0 Safari/537.36', 'http://127.0.0.1/admin/login', 'admin@gmail.com login with IP Address 127.0.0.1', '', 2, '2023-12-23 01:31:42', NULL);
INSERT INTO `cms_logs` VALUES (142, '127.0.0.1', 'Mozilla/5.0 (Windows NT 10.0; Win64; x64) AppleWebKit/537.36 (KHTML, like Gecko) Chrome/120.0.0.0 Safari/537.36', 'http://127.0.0.1:8000/admin/login', 'admin@gmail.com login with IP Address 127.0.0.1', '', 2, '2023-12-30 06:18:46', NULL);
INSERT INTO `cms_logs` VALUES (143, '127.0.0.1', 'Mozilla/5.0 (Windows NT 10.0; Win64; x64) AppleWebKit/537.36 (KHTML, like Gecko) Chrome/120.0.0.0 Safari/537.36', 'http://127.0.0.1/admin/login', 'admin@crudbooster.com login with IP Address 127.0.0.1', '', 1, '2024-01-03 01:08:47', NULL);
INSERT INTO `cms_logs` VALUES (144, '127.0.0.1', 'Mozilla/5.0 (Windows NT 10.0; Win64; x64) AppleWebKit/537.36 (KHTML, like Gecko) Chrome/120.0.0.0 Safari/537.36', 'http://127.0.0.1/admin/customers/delete/14', 'Delete data suryo at Customer', '', 1, '2024-01-03 02:23:31', NULL);
INSERT INTO `cms_logs` VALUES (145, '127.0.0.1', 'Mozilla/5.0 (Windows NT 10.0; Win64; x64) AppleWebKit/537.36 (KHTML, like Gecko) Chrome/120.0.0.0 Safari/537.36', 'http://127.0.0.1/admin/customers/delete/14', 'Delete data  at Customer', '', 1, '2024-01-03 02:23:33', NULL);
INSERT INTO `cms_logs` VALUES (146, '127.0.0.1', 'Mozilla/5.0 (Windows NT 10.0; Win64; x64) AppleWebKit/537.36 (KHTML, like Gecko) Chrome/120.0.0.0 Safari/537.36', 'http://127.0.0.1/admin/customers/delete/13', 'Delete data test3 at Customer', '', 1, '2024-01-03 02:23:37', NULL);
INSERT INTO `cms_logs` VALUES (147, '127.0.0.1', 'Mozilla/5.0 (Windows NT 10.0; Win64; x64) AppleWebKit/537.36 (KHTML, like Gecko) Chrome/120.0.0.0 Safari/537.36', 'http://127.0.0.1/admin/customers/delete/12', 'Delete data test2 at Customer', '', 1, '2024-01-03 02:23:41', NULL);
INSERT INTO `cms_logs` VALUES (148, '127.0.0.1', 'Mozilla/5.0 (Windows NT 10.0; Win64; x64) AppleWebKit/537.36 (KHTML, like Gecko) Chrome/120.0.0.0 Safari/537.36', 'http://127.0.0.1/admin/customers/delete/8', 'Delete data suryo at Customer', '', 1, '2024-01-03 02:24:25', NULL);
INSERT INTO `cms_logs` VALUES (149, '127.0.0.1', 'Mozilla/5.0 (Windows NT 10.0; Win64; x64) AppleWebKit/537.36 (KHTML, like Gecko) Chrome/120.0.0.0 Safari/537.36', 'http://127.0.0.1/admin/customers/delete/10', 'Delete data suryo2 at Customer', '', 1, '2024-01-03 02:24:29', NULL);
INSERT INTO `cms_logs` VALUES (150, '127.0.0.1', 'Mozilla/5.0 (Windows NT 10.0; Win64; x64) AppleWebKit/537.36 (KHTML, like Gecko) Chrome/120.0.0.0 Safari/537.36', 'http://127.0.0.1/admin/customers/delete/11', 'Delete data test at Customer', '', 1, '2024-01-03 02:24:32', NULL);
INSERT INTO `cms_logs` VALUES (151, '127.0.0.1', 'Mozilla/5.0 (Windows NT 10.0; Win64; x64) AppleWebKit/537.36 (KHTML, like Gecko) Chrome/120.0.0.0 Safari/537.36', 'http://127.0.0.1/admin/customers/delete/15', 'Delete data suryo at Customer', '', 1, '2024-01-03 02:25:13', NULL);

-- ----------------------------
-- Table structure for cms_menus
-- ----------------------------
CREATE TABLE `cms_menus`  (
  `id` int UNSIGNED NOT NULL AUTO_INCREMENT,
  `name` varchar(255) CHARACTER SET utf8mb4 COLLATE utf8mb4_unicode_ci NULL DEFAULT NULL,
  `type` varchar(255) CHARACTER SET utf8mb4 COLLATE utf8mb4_unicode_ci NOT NULL DEFAULT 'url',
  `path` varchar(255) CHARACTER SET utf8mb4 COLLATE utf8mb4_unicode_ci NULL DEFAULT NULL,
  `color` varchar(255) CHARACTER SET utf8mb4 COLLATE utf8mb4_unicode_ci NULL DEFAULT NULL,
  `icon` varchar(255) CHARACTER SET utf8mb4 COLLATE utf8mb4_unicode_ci NULL DEFAULT NULL,
  `parent_id` int NULL DEFAULT NULL,
  `is_active` tinyint(1) NOT NULL DEFAULT 1,
  `is_dashboard` tinyint(1) NOT NULL DEFAULT 0,
  `id_cms_privileges` int NULL DEFAULT NULL,
  `sorting` int NULL DEFAULT NULL,
  `created_at` timestamp NULL DEFAULT NULL,
  `updated_at` timestamp NULL DEFAULT NULL,
  PRIMARY KEY (`id`) USING BTREE
) ENGINE = InnoDB AUTO_INCREMENT = 9 CHARACTER SET = utf8mb4 COLLATE = utf8mb4_unicode_ci ROW_FORMAT = Dynamic;

-- ----------------------------
-- Records of cms_menus
-- ----------------------------
INSERT INTO `cms_menus` VALUES (1, 'Device', 'Route', 'AdminDeviceControllerGetIndex', 'normal', 'fa fa-qrcode', 0, 1, 0, 1, 1, '2022-02-06 02:49:42', '2023-12-20 02:15:18');
INSERT INTO `cms_menus` VALUES (2, 'Contact', 'Route', 'AdminContactControllerGetIndex', NULL, 'fa fa-book', 0, 0, 0, 1, 1, '2022-02-06 02:53:46', NULL);
INSERT INTO `cms_menus` VALUES (3, 'Send Wa V1', 'Route', 'AdminOutboxControllerGetIndex', 'normal', 'fa fa-send', 0, 1, 0, 1, 3, '2022-02-06 02:59:55', '2023-12-20 02:16:49');
INSERT INTO `cms_menus` VALUES (5, 'Customer', 'Route', 'AdminCustomersControllerGetIndex', 'normal', 'fa fa-users', 0, 1, 0, 1, 2, '2023-12-16 08:44:51', '2023-12-20 02:16:38');
INSERT INTO `cms_menus` VALUES (6, 'Send Wa V2', 'Route', 'AdminSENDWAControllerGetIndex', 'normal', 'fa fa-users', 0, 1, 0, 1, 4, '2023-12-19 02:21:16', '2023-12-20 02:18:03');
INSERT INTO `cms_menus` VALUES (8, 'Send Birthday', 'Route', 'AdminSendBirthdayControllerGetIndex', 'normal', 'fa fa-birthday-cake', 0, 1, 0, 1, 5, '2023-12-19 06:30:20', '2023-12-20 02:18:29');

-- ----------------------------
-- Table structure for cms_menus_privileges
-- ----------------------------
CREATE TABLE `cms_menus_privileges`  (
  `id` int UNSIGNED NOT NULL AUTO_INCREMENT,
  `id_cms_menus` int NULL DEFAULT NULL,
  `id_cms_privileges` int NULL DEFAULT NULL,
  PRIMARY KEY (`id`) USING BTREE
) ENGINE = InnoDB AUTO_INCREMENT = 22 CHARACTER SET = utf8mb4 COLLATE = utf8mb4_unicode_ci ROW_FORMAT = Dynamic;

-- ----------------------------
-- Records of cms_menus_privileges
-- ----------------------------
INSERT INTO `cms_menus_privileges` VALUES (2, 2, 1);
INSERT INTO `cms_menus_privileges` VALUES (4, 4, 1);
INSERT INTO `cms_menus_privileges` VALUES (9, 7, 1);
INSERT INTO `cms_menus_privileges` VALUES (11, 1, 2);
INSERT INTO `cms_menus_privileges` VALUES (12, 1, 1);
INSERT INTO `cms_menus_privileges` VALUES (13, 5, 2);
INSERT INTO `cms_menus_privileges` VALUES (14, 5, 1);
INSERT INTO `cms_menus_privileges` VALUES (15, 3, 2);
INSERT INTO `cms_menus_privileges` VALUES (16, 3, 1);
INSERT INTO `cms_menus_privileges` VALUES (18, 6, 2);
INSERT INTO `cms_menus_privileges` VALUES (19, 6, 1);
INSERT INTO `cms_menus_privileges` VALUES (20, 8, 2);
INSERT INTO `cms_menus_privileges` VALUES (21, 8, 1);

-- ----------------------------
-- Table structure for cms_moduls
-- ----------------------------
CREATE TABLE `cms_moduls`  (
  `id` int UNSIGNED NOT NULL AUTO_INCREMENT,
  `name` varchar(255) CHARACTER SET utf8mb4 COLLATE utf8mb4_unicode_ci NULL DEFAULT NULL,
  `icon` varchar(255) CHARACTER SET utf8mb4 COLLATE utf8mb4_unicode_ci NULL DEFAULT NULL,
  `path` varchar(255) CHARACTER SET utf8mb4 COLLATE utf8mb4_unicode_ci NULL DEFAULT NULL,
  `table_name` varchar(255) CHARACTER SET utf8mb4 COLLATE utf8mb4_unicode_ci NULL DEFAULT NULL,
  `controller` varchar(255) CHARACTER SET utf8mb4 COLLATE utf8mb4_unicode_ci NULL DEFAULT NULL,
  `is_protected` tinyint(1) NOT NULL DEFAULT 0,
  `is_active` tinyint(1) NOT NULL DEFAULT 0,
  `created_at` timestamp NULL DEFAULT NULL,
  `updated_at` timestamp NULL DEFAULT NULL,
  `deleted_at` timestamp NULL DEFAULT NULL,
  PRIMARY KEY (`id`) USING BTREE
) ENGINE = InnoDB AUTO_INCREMENT = 20 CHARACTER SET = utf8mb4 COLLATE = utf8mb4_unicode_ci ROW_FORMAT = Dynamic;

-- ----------------------------
-- Records of cms_moduls
-- ----------------------------
INSERT INTO `cms_moduls` VALUES (1, 'Notifications', 'fa fa-cog', 'notifications', 'cms_notifications', 'NotificationsController', 1, 1, '2022-02-04 09:46:11', NULL, NULL);
INSERT INTO `cms_moduls` VALUES (2, 'Privileges', 'fa fa-cog', 'privileges', 'cms_privileges', 'PrivilegesController', 1, 1, '2022-02-04 09:46:11', NULL, NULL);
INSERT INTO `cms_moduls` VALUES (3, 'Privileges Roles', 'fa fa-cog', 'privileges_roles', 'cms_privileges_roles', 'PrivilegesRolesController', 1, 1, '2022-02-04 09:46:11', NULL, NULL);
INSERT INTO `cms_moduls` VALUES (4, 'Users Management', 'fa fa-users', 'users', 'cms_users', 'AdminCmsUsersController', 0, 1, '2022-02-04 09:46:11', NULL, NULL);
INSERT INTO `cms_moduls` VALUES (5, 'Settings', 'fa fa-cog', 'settings', 'cms_settings', 'SettingsController', 1, 1, '2022-02-04 09:46:11', NULL, NULL);
INSERT INTO `cms_moduls` VALUES (6, 'Module Generator', 'fa fa-database', 'module_generator', 'cms_moduls', 'ModulsController', 1, 1, '2022-02-04 09:46:11', NULL, NULL);
INSERT INTO `cms_moduls` VALUES (7, 'Menu Management', 'fa fa-bars', 'menu_management', 'cms_menus', 'MenusController', 1, 1, '2022-02-04 09:46:11', NULL, NULL);
INSERT INTO `cms_moduls` VALUES (8, 'Email Templates', 'fa fa-envelope-o', 'email_templates', 'cms_email_templates', 'EmailTemplatesController', 1, 1, '2022-02-04 09:46:11', NULL, NULL);
INSERT INTO `cms_moduls` VALUES (9, 'Statistic Builder', 'fa fa-dashboard', 'statistic_builder', 'cms_statistics', 'StatisticBuilderController', 1, 1, '2022-02-04 09:46:11', NULL, NULL);
INSERT INTO `cms_moduls` VALUES (10, 'API Generator', 'fa fa-cloud-download', 'api_generator', '', 'ApiCustomController', 1, 1, '2022-02-04 09:46:11', NULL, NULL);
INSERT INTO `cms_moduls` VALUES (11, 'Log User Access', 'fa fa-flag-o', 'logs', 'cms_logs', 'LogsController', 1, 1, '2022-02-04 09:46:11', NULL, NULL);
INSERT INTO `cms_moduls` VALUES (12, 'Device', 'fa fa-qrcode', 'device', 'device', 'AdminDeviceController', 0, 0, '2022-02-06 02:49:42', NULL, NULL);
INSERT INTO `cms_moduls` VALUES (13, 'Contact', 'fa fa-book', 'contact', 'contact', 'AdminContactController', 0, 0, '2022-02-06 02:53:46', NULL, NULL);
INSERT INTO `cms_moduls` VALUES (14, 'Send Wa V1', 'fa fa-send', 'Send Wa V1', 'outbox', 'AdminOutboxController', 0, 0, '2022-02-06 02:59:55', NULL, NULL);
INSERT INTO `cms_moduls` VALUES (15, 'Customer', 'fa fa-users', 'customer', 'customer', 'AdminCustomerController', 0, 0, '2023-12-16 08:12:27', NULL, '2023-12-16 08:42:19');
INSERT INTO `cms_moduls` VALUES (16, 'Customer', 'fa fa-users', 'customers', 'customers', 'AdminCustomersController', 0, 0, '2023-12-16 08:44:51', NULL, NULL);
INSERT INTO `cms_moduls` VALUES (17, 'Send Wa V2', 'fa fa-send', 'Send Wa V2', 'outbox', 'AdminSENDWAController', 0, 0, '2023-12-19 02:21:16', NULL, NULL);
INSERT INTO `cms_moduls` VALUES (18, 'Send Birthday', 'fa fa-birthday-cake', 'Send Birthday', 'ultahs', 'AdminSendBirthdayController', 0, 0, '2023-12-19 06:27:54', NULL, '2023-12-19 06:30:01');
INSERT INTO `cms_moduls` VALUES (19, 'Send Birthday', 'fa fa-birthday-cake', 'Send Birthday', 'ultahs', 'AdminSendBirthdayController', 0, 0, '2023-12-19 06:30:20', NULL, NULL);

-- ----------------------------
-- Table structure for cms_notifications
-- ----------------------------
CREATE TABLE `cms_notifications`  (
  `id` int UNSIGNED NOT NULL AUTO_INCREMENT,
  `id_cms_users` int NULL DEFAULT NULL,
  `content` varchar(255) CHARACTER SET utf8mb4 COLLATE utf8mb4_unicode_ci NULL DEFAULT NULL,
  `url` varchar(255) CHARACTER SET utf8mb4 COLLATE utf8mb4_unicode_ci NULL DEFAULT NULL,
  `is_read` tinyint(1) NULL DEFAULT NULL,
  `created_at` timestamp NULL DEFAULT NULL,
  `updated_at` timestamp NULL DEFAULT NULL,
  PRIMARY KEY (`id`) USING BTREE
) ENGINE = InnoDB AUTO_INCREMENT = 1 CHARACTER SET = utf8mb4 COLLATE = utf8mb4_unicode_ci ROW_FORMAT = Dynamic;

-- ----------------------------
-- Records of cms_notifications
-- ----------------------------

-- ----------------------------
-- Table structure for cms_privileges
-- ----------------------------
CREATE TABLE `cms_privileges`  (
  `id` int UNSIGNED NOT NULL AUTO_INCREMENT,
  `name` varchar(255) CHARACTER SET utf8mb4 COLLATE utf8mb4_unicode_ci NULL DEFAULT NULL,
  `is_superadmin` tinyint(1) NULL DEFAULT NULL,
  `theme_color` varchar(255) CHARACTER SET utf8mb4 COLLATE utf8mb4_unicode_ci NULL DEFAULT NULL,
  `created_at` timestamp NULL DEFAULT NULL,
  `updated_at` timestamp NULL DEFAULT NULL,
  PRIMARY KEY (`id`) USING BTREE
) ENGINE = InnoDB AUTO_INCREMENT = 3 CHARACTER SET = utf8mb4 COLLATE = utf8mb4_unicode_ci ROW_FORMAT = Dynamic;

-- ----------------------------
-- Records of cms_privileges
-- ----------------------------
INSERT INTO `cms_privileges` VALUES (1, 'Super Administrator', 1, 'skin-red', '2023-12-16 07:51:18', NULL);
INSERT INTO `cms_privileges` VALUES (2, 'Admin', 0, 'skin-red', NULL, NULL);

-- ----------------------------
-- Table structure for cms_privileges_roles
-- ----------------------------
CREATE TABLE `cms_privileges_roles`  (
  `id` int UNSIGNED NOT NULL AUTO_INCREMENT,
  `is_visible` tinyint(1) NULL DEFAULT NULL,
  `is_create` tinyint(1) NULL DEFAULT NULL,
  `is_read` tinyint(1) NULL DEFAULT NULL,
  `is_edit` tinyint(1) NULL DEFAULT NULL,
  `is_delete` tinyint(1) NULL DEFAULT NULL,
  `id_cms_privileges` int NULL DEFAULT NULL,
  `id_cms_moduls` int NULL DEFAULT NULL,
  `created_at` timestamp NULL DEFAULT NULL,
  `updated_at` timestamp NULL DEFAULT NULL,
  PRIMARY KEY (`id`) USING BTREE
) ENGINE = InnoDB AUTO_INCREMENT = 41 CHARACTER SET = utf8mb4 COLLATE = utf8mb4_unicode_ci ROW_FORMAT = Dynamic;

-- ----------------------------
-- Records of cms_privileges_roles
-- ----------------------------
INSERT INTO `cms_privileges_roles` VALUES (1, 1, 0, 0, 0, 0, 1, 1, '2023-12-16 07:51:18', NULL);
INSERT INTO `cms_privileges_roles` VALUES (2, 1, 1, 1, 1, 1, 1, 2, '2023-12-16 07:51:18', NULL);
INSERT INTO `cms_privileges_roles` VALUES (3, 0, 1, 1, 1, 1, 1, 3, '2023-12-16 07:51:18', NULL);
INSERT INTO `cms_privileges_roles` VALUES (4, 1, 1, 1, 1, 1, 1, 4, '2023-12-16 07:51:18', NULL);
INSERT INTO `cms_privileges_roles` VALUES (5, 1, 1, 1, 1, 1, 1, 5, '2023-12-16 07:51:18', NULL);
INSERT INTO `cms_privileges_roles` VALUES (6, 1, 1, 1, 1, 1, 1, 6, '2023-12-16 07:51:18', NULL);
INSERT INTO `cms_privileges_roles` VALUES (7, 1, 1, 1, 1, 1, 1, 7, '2023-12-16 07:51:18', NULL);
INSERT INTO `cms_privileges_roles` VALUES (8, 1, 1, 1, 1, 1, 1, 8, '2023-12-16 07:51:18', NULL);
INSERT INTO `cms_privileges_roles` VALUES (9, 1, 1, 1, 1, 1, 1, 9, '2023-12-16 07:51:18', NULL);
INSERT INTO `cms_privileges_roles` VALUES (10, 1, 1, 1, 1, 1, 1, 10, '2023-12-16 07:51:18', NULL);
INSERT INTO `cms_privileges_roles` VALUES (11, 1, 0, 1, 0, 1, 1, 11, '2023-12-16 07:51:18', NULL);
INSERT INTO `cms_privileges_roles` VALUES (12, 1, 1, 1, 1, 1, 1, 15, NULL, NULL);
INSERT INTO `cms_privileges_roles` VALUES (13, 1, 1, 1, 1, 1, 1, 16, NULL, NULL);
INSERT INTO `cms_privileges_roles` VALUES (14, 1, 1, 1, 1, 1, 1, 17, NULL, NULL);
INSERT INTO `cms_privileges_roles` VALUES (15, 1, 1, 1, 1, 1, 1, 18, NULL, NULL);
INSERT INTO `cms_privileges_roles` VALUES (16, 1, 1, 1, 1, 1, 1, 19, NULL, NULL);
INSERT INTO `cms_privileges_roles` VALUES (34, 1, 1, 1, 1, 1, 2, 13, NULL, NULL);
INSERT INTO `cms_privileges_roles` VALUES (35, 1, 1, 1, 1, 1, 2, 16, NULL, NULL);
INSERT INTO `cms_privileges_roles` VALUES (36, 1, 1, 1, 1, 1, 2, 12, NULL, NULL);
INSERT INTO `cms_privileges_roles` VALUES (37, 1, 1, 1, 1, 1, 2, 19, NULL, NULL);
INSERT INTO `cms_privileges_roles` VALUES (38, 1, 1, 1, 1, 1, 2, 14, NULL, NULL);
INSERT INTO `cms_privileges_roles` VALUES (39, 1, 1, 1, 1, 1, 2, 17, NULL, NULL);
INSERT INTO `cms_privileges_roles` VALUES (40, 1, 1, 1, 1, 1, 2, 4, NULL, NULL);

-- ----------------------------
-- Table structure for cms_settings
-- ----------------------------
CREATE TABLE `cms_settings`  (
  `id` int UNSIGNED NOT NULL AUTO_INCREMENT,
  `name` varchar(255) CHARACTER SET utf8mb4 COLLATE utf8mb4_unicode_ci NULL DEFAULT NULL,
  `content` text CHARACTER SET utf8mb4 COLLATE utf8mb4_unicode_ci NULL,
  `content_input_type` varchar(255) CHARACTER SET utf8mb4 COLLATE utf8mb4_unicode_ci NULL DEFAULT NULL,
  `dataenum` varchar(255) CHARACTER SET utf8mb4 COLLATE utf8mb4_unicode_ci NULL DEFAULT NULL,
  `helper` varchar(255) CHARACTER SET utf8mb4 COLLATE utf8mb4_unicode_ci NULL DEFAULT NULL,
  `created_at` timestamp NULL DEFAULT NULL,
  `updated_at` timestamp NULL DEFAULT NULL,
  `group_setting` varchar(255) CHARACTER SET utf8mb4 COLLATE utf8mb4_unicode_ci NULL DEFAULT NULL,
  `label` varchar(255) CHARACTER SET utf8mb4 COLLATE utf8mb4_unicode_ci NULL DEFAULT NULL,
  PRIMARY KEY (`id`) USING BTREE
) ENGINE = InnoDB AUTO_INCREMENT = 17 CHARACTER SET = utf8mb4 COLLATE = utf8mb4_unicode_ci ROW_FORMAT = Dynamic;

-- ----------------------------
-- Records of cms_settings
-- ----------------------------
INSERT INTO `cms_settings` VALUES (1, 'login_background_color', NULL, 'text', NULL, 'Input hexacode', '2022-02-04 09:46:11', NULL, 'Login Register Style', 'Login Background Color');
INSERT INTO `cms_settings` VALUES (2, 'login_font_color', NULL, 'text', NULL, 'Input hexacode', '2022-02-04 09:46:11', NULL, 'Login Register Style', 'Login Font Color');
INSERT INTO `cms_settings` VALUES (3, 'login_background_image', NULL, 'upload_image', NULL, NULL, '2022-02-04 09:46:11', NULL, 'Login Register Style', 'Login Background Image');
INSERT INTO `cms_settings` VALUES (4, 'email_sender', 'support@crudbooster.com', 'text', NULL, NULL, '2022-02-04 09:46:11', NULL, 'Email Setting', 'Email Sender');
INSERT INTO `cms_settings` VALUES (5, 'smtp_driver', 'mail', 'select', 'smtp,mail,sendmail', NULL, '2022-02-04 09:46:11', NULL, 'Email Setting', 'Mail Driver');
INSERT INTO `cms_settings` VALUES (6, 'smtp_host', '', 'text', NULL, NULL, '2022-02-04 09:46:11', NULL, 'Email Setting', 'SMTP Host');
INSERT INTO `cms_settings` VALUES (7, 'smtp_port', '25', 'text', NULL, 'default 25', '2022-02-04 09:46:11', NULL, 'Email Setting', 'SMTP Port');
INSERT INTO `cms_settings` VALUES (8, 'smtp_username', '', 'text', NULL, NULL, '2022-02-04 09:46:11', NULL, 'Email Setting', 'SMTP Username');
INSERT INTO `cms_settings` VALUES (9, 'smtp_password', '', 'text', NULL, NULL, '2022-02-04 09:46:11', NULL, 'Email Setting', 'SMTP Password');
INSERT INTO `cms_settings` VALUES (10, 'appname', 'CRUDBooster', 'text', NULL, NULL, '2022-02-04 09:46:11', NULL, 'Application Setting', 'Application Name');
INSERT INTO `cms_settings` VALUES (11, 'default_paper_size', 'Legal', 'text', NULL, 'Paper size, ex : A4, Legal, etc', '2022-02-04 09:46:11', NULL, 'Application Setting', 'Default Paper Print Size');
INSERT INTO `cms_settings` VALUES (12, 'logo', '', 'upload_image', NULL, NULL, '2022-02-04 09:46:11', NULL, 'Application Setting', 'Logo');
INSERT INTO `cms_settings` VALUES (13, 'favicon', '', 'upload_image', NULL, NULL, '2022-02-04 09:46:11', NULL, 'Application Setting', 'Favicon');
INSERT INTO `cms_settings` VALUES (14, 'api_debug_mode', 'true', 'select', 'true,false', NULL, '2022-02-04 09:46:11', NULL, 'Application Setting', 'API Debug Mode');
INSERT INTO `cms_settings` VALUES (15, 'google_api_key', '', 'text', NULL, NULL, '2022-02-04 09:46:11', NULL, 'Application Setting', 'Google API Key');
INSERT INTO `cms_settings` VALUES (16, 'google_fcm_key', '', 'text', NULL, NULL, '2022-02-04 09:46:11', NULL, 'Application Setting', 'Google FCM Key');

-- ----------------------------
-- Table structure for cms_statistic_components
-- ----------------------------
CREATE TABLE `cms_statistic_components`  (
  `id` int UNSIGNED NOT NULL AUTO_INCREMENT,
  `id_cms_statistics` int NULL DEFAULT NULL,
  `componentID` varchar(255) CHARACTER SET utf8mb4 COLLATE utf8mb4_unicode_ci NULL DEFAULT NULL,
  `component_name` varchar(255) CHARACTER SET utf8mb4 COLLATE utf8mb4_unicode_ci NULL DEFAULT NULL,
  `area_name` varchar(55) CHARACTER SET utf8mb4 COLLATE utf8mb4_unicode_ci NULL DEFAULT NULL,
  `sorting` int NULL DEFAULT NULL,
  `name` varchar(255) CHARACTER SET utf8mb4 COLLATE utf8mb4_unicode_ci NULL DEFAULT NULL,
  `config` longtext CHARACTER SET utf8mb4 COLLATE utf8mb4_unicode_ci NULL,
  `created_at` timestamp NULL DEFAULT NULL,
  `updated_at` timestamp NULL DEFAULT NULL,
  PRIMARY KEY (`id`) USING BTREE
) ENGINE = InnoDB AUTO_INCREMENT = 1 CHARACTER SET = utf8mb4 COLLATE = utf8mb4_unicode_ci ROW_FORMAT = Dynamic;

-- ----------------------------
-- Records of cms_statistic_components
-- ----------------------------

-- ----------------------------
-- Table structure for cms_statistics
-- ----------------------------
CREATE TABLE `cms_statistics`  (
  `id` int UNSIGNED NOT NULL AUTO_INCREMENT,
  `name` varchar(255) CHARACTER SET utf8mb4 COLLATE utf8mb4_unicode_ci NULL DEFAULT NULL,
  `slug` varchar(255) CHARACTER SET utf8mb4 COLLATE utf8mb4_unicode_ci NULL DEFAULT NULL,
  `created_at` timestamp NULL DEFAULT NULL,
  `updated_at` timestamp NULL DEFAULT NULL,
  PRIMARY KEY (`id`) USING BTREE
) ENGINE = InnoDB AUTO_INCREMENT = 1 CHARACTER SET = utf8mb4 COLLATE = utf8mb4_unicode_ci ROW_FORMAT = Dynamic;

-- ----------------------------
-- Records of cms_statistics
-- ----------------------------

-- ----------------------------
-- Table structure for cms_users
-- ----------------------------
CREATE TABLE `cms_users`  (
  `id` int UNSIGNED NOT NULL AUTO_INCREMENT,
  `name` varchar(255) CHARACTER SET utf8mb4 COLLATE utf8mb4_unicode_ci NULL DEFAULT NULL,
  `photo` varchar(255) CHARACTER SET utf8mb4 COLLATE utf8mb4_unicode_ci NULL DEFAULT NULL,
  `email` varchar(255) CHARACTER SET utf8mb4 COLLATE utf8mb4_unicode_ci NULL DEFAULT NULL,
  `password` varchar(255) CHARACTER SET utf8mb4 COLLATE utf8mb4_unicode_ci NULL DEFAULT NULL,
  `id_cms_privileges` int NULL DEFAULT NULL,
  `created_at` timestamp NULL DEFAULT NULL,
  `updated_at` timestamp NULL DEFAULT NULL,
  `status` varchar(50) CHARACTER SET utf8mb4 COLLATE utf8mb4_unicode_ci NULL DEFAULT NULL,
  PRIMARY KEY (`id`) USING BTREE
) ENGINE = InnoDB AUTO_INCREMENT = 3 CHARACTER SET = utf8mb4 COLLATE = utf8mb4_unicode_ci ROW_FORMAT = Dynamic;

-- ----------------------------
-- Records of cms_users
-- ----------------------------
INSERT INTO `cms_users` VALUES (1, 'Super Admin', NULL, 'admin@crudbooster.com', '$2y$10$ymXjmr.YKdo1tJMpQWoc/O0sgoi.9JAk2atr2u7xGwhIc29O6VXl6', 1, '2023-12-16 07:51:18', NULL, 'Active');
INSERT INTO `cms_users` VALUES (2, 'admin', 'uploads/1/2023-12/23938578fb8d88c02bc59906d12230f3.png', 'admin@gmail.com', '$2y$10$8/gdg3lQxw/iGEniKpln7OcOtQYyVOFNZf5h9N91nSKkZ/U4dW1GS', 2, '2023-12-20 02:07:23', NULL, NULL);

-- ----------------------------
-- Table structure for contact
-- ----------------------------
CREATE TABLE `contact`  (
  `id` int NOT NULL AUTO_INCREMENT,
  `name` varchar(255) CHARACTER SET utf8mb4 COLLATE utf8mb4_unicode_ci NULL DEFAULT NULL,
  `number` varchar(50) CHARACTER SET utf8mb4 COLLATE utf8mb4_unicode_ci NULL DEFAULT NULL,
  `id_users` int NULL DEFAULT NULL,
  `id_device` int NULL DEFAULT NULL,
  `created_at` datetime NULL DEFAULT NULL,
  `updated_at` datetime NULL DEFAULT NULL,
  `deleted_at` timestamp NULL DEFAULT NULL,
  PRIMARY KEY (`id`) USING BTREE
) ENGINE = InnoDB AUTO_INCREMENT = 1 CHARACTER SET = utf8mb4 COLLATE = utf8mb4_unicode_ci ROW_FORMAT = Dynamic;

-- ----------------------------
-- Records of contact
-- ----------------------------

-- ----------------------------
-- Table structure for customers
-- ----------------------------
CREATE TABLE `customers`  (
  `id` bigint UNSIGNED NOT NULL AUTO_INCREMENT,
  `name` varchar(255) CHARACTER SET utf8mb4 COLLATE utf8mb4_unicode_ci NOT NULL,
  `ttl` date NOT NULL,
  `number` varchar(255) CHARACTER SET utf8mb4 COLLATE utf8mb4_unicode_ci NOT NULL,
  `id_device` int NOT NULL DEFAULT 0,
  `created_at` timestamp NULL DEFAULT NULL,
  `updated_at` timestamp NULL DEFAULT NULL,
  PRIMARY KEY (`id`) USING BTREE
) ENGINE = InnoDB AUTO_INCREMENT = 14 CHARACTER SET = utf8mb4 COLLATE = utf8mb4_unicode_ci ROW_FORMAT = Dynamic;

-- ----------------------------
-- Records of customers
-- ----------------------------

-- ----------------------------
-- Table structure for device
-- ----------------------------
CREATE TABLE `device`  (
  `id` int NOT NULL AUTO_INCREMENT,
  `id_users` int NULL DEFAULT NULL,
  `number` varchar(100) CHARACTER SET utf8mb4 COLLATE utf8mb4_unicode_ci NULL DEFAULT NULL,
  `name` varchar(255) CHARACTER SET utf8mb4 COLLATE utf8mb4_unicode_ci NULL DEFAULT NULL,
  `description` varchar(255) CHARACTER SET utf8mb4 COLLATE utf8mb4_unicode_ci NULL DEFAULT NULL,
  `multidevice` varchar(10) CHARACTER SET utf8mb4 COLLATE utf8mb4_unicode_ci NULL DEFAULT NULL,
  `created_at` datetime NULL DEFAULT NULL,
  `updated_at` datetime NULL DEFAULT NULL,
  `status` varchar(255) CHARACTER SET utf8mb4 COLLATE utf8mb4_unicode_ci NULL DEFAULT NULL,
  PRIMARY KEY (`id`) USING BTREE
) ENGINE = InnoDB AUTO_INCREMENT = 6 CHARACTER SET = utf8mb4 COLLATE = utf8mb4_unicode_ci ROW_FORMAT = Dynamic;

-- ----------------------------
-- Records of device
-- ----------------------------
INSERT INTO `device` VALUES (4, 2, '6287708330129', 'ari488895', NULL, NULL, '2023-12-20 02:37:57', '2024-01-03 02:06:55', 'AUTHENTICATED');

-- ----------------------------
-- Table structure for failed_jobs
-- ----------------------------
CREATE TABLE `failed_jobs`  (
  `id` bigint UNSIGNED NOT NULL AUTO_INCREMENT,
  `uuid` varchar(255) CHARACTER SET utf8mb4 COLLATE utf8mb4_unicode_ci NOT NULL,
  `connection` text CHARACTER SET utf8mb4 COLLATE utf8mb4_unicode_ci NOT NULL,
  `queue` text CHARACTER SET utf8mb4 COLLATE utf8mb4_unicode_ci NOT NULL,
  `payload` longtext CHARACTER SET utf8mb4 COLLATE utf8mb4_unicode_ci NOT NULL,
  `exception` longtext CHARACTER SET utf8mb4 COLLATE utf8mb4_unicode_ci NOT NULL,
  `failed_at` timestamp NOT NULL DEFAULT CURRENT_TIMESTAMP,
  PRIMARY KEY (`id`) USING BTREE,
  UNIQUE INDEX `failed_jobs_uuid_unique`(`uuid`) USING BTREE
) ENGINE = InnoDB AUTO_INCREMENT = 1 CHARACTER SET = utf8mb4 COLLATE = utf8mb4_unicode_ci ROW_FORMAT = Dynamic;

-- ----------------------------
-- Records of failed_jobs
-- ----------------------------

-- ----------------------------
-- Table structure for migrations
-- ----------------------------
CREATE TABLE `migrations`  (
  `id` int UNSIGNED NOT NULL AUTO_INCREMENT,
  `migration` varchar(255) CHARACTER SET utf8mb4 COLLATE utf8mb4_unicode_ci NOT NULL,
  `batch` int NOT NULL,
  PRIMARY KEY (`id`) USING BTREE
) ENGINE = InnoDB AUTO_INCREMENT = 33 CHARACTER SET = utf8mb4 COLLATE = utf8mb4_unicode_ci ROW_FORMAT = Dynamic;

-- ----------------------------
-- Records of migrations
-- ----------------------------
INSERT INTO `migrations` VALUES (1, '2016_08_07_145904_add_table_cms_apicustom', 1);
INSERT INTO `migrations` VALUES (2, '2016_08_07_150834_add_table_cms_dashboard', 1);
INSERT INTO `migrations` VALUES (3, '2016_08_07_151210_add_table_cms_logs', 1);
INSERT INTO `migrations` VALUES (4, '2016_08_07_151211_add_details_cms_logs', 1);
INSERT INTO `migrations` VALUES (5, '2016_08_07_152014_add_table_cms_privileges', 1);
INSERT INTO `migrations` VALUES (6, '2016_08_07_152214_add_table_cms_privileges_roles', 1);
INSERT INTO `migrations` VALUES (7, '2016_08_07_152320_add_table_cms_settings', 1);
INSERT INTO `migrations` VALUES (8, '2016_08_07_152421_add_table_cms_users', 1);
INSERT INTO `migrations` VALUES (9, '2016_08_07_154624_add_table_cms_menus_privileges', 1);
INSERT INTO `migrations` VALUES (10, '2016_08_07_154624_add_table_cms_moduls', 1);
INSERT INTO `migrations` VALUES (11, '2016_08_17_225409_add_status_cms_users', 1);
INSERT INTO `migrations` VALUES (12, '2016_08_20_125418_add_table_cms_notifications', 1);
INSERT INTO `migrations` VALUES (13, '2016_09_04_033706_add_table_cms_email_queues', 1);
INSERT INTO `migrations` VALUES (14, '2016_09_16_035347_add_group_setting', 1);
INSERT INTO `migrations` VALUES (15, '2016_09_16_045425_add_label_setting', 1);
INSERT INTO `migrations` VALUES (16, '2016_09_17_104728_create_nullable_cms_apicustom', 1);
INSERT INTO `migrations` VALUES (17, '2016_10_01_141740_add_method_type_apicustom', 1);
INSERT INTO `migrations` VALUES (18, '2016_10_01_141846_add_parameters_apicustom', 1);
INSERT INTO `migrations` VALUES (19, '2016_10_01_141934_add_responses_apicustom', 1);
INSERT INTO `migrations` VALUES (20, '2016_10_01_144826_add_table_apikey', 1);
INSERT INTO `migrations` VALUES (21, '2016_11_14_141657_create_cms_menus', 1);
INSERT INTO `migrations` VALUES (22, '2016_11_15_132350_create_cms_email_templates', 1);
INSERT INTO `migrations` VALUES (23, '2016_11_15_190410_create_cms_statistics', 1);
INSERT INTO `migrations` VALUES (24, '2016_11_17_102740_create_cms_statistic_components', 1);
INSERT INTO `migrations` VALUES (25, '2017_06_06_164501_add_deleted_at_cms_moduls', 1);
INSERT INTO `migrations` VALUES (26, '2019_12_14_000001_create_personal_access_tokens_table', 1);
INSERT INTO `migrations` VALUES (27, '2022_02_06_161234_create_laravel_wa_server_table', 1);
INSERT INTO `migrations` VALUES (28, '2023_12_16_080806_create_customer_table', 2);
INSERT INTO `migrations` VALUES (29, '2023_12_16_084239_create_customers_table', 3);
INSERT INTO `migrations` VALUES (30, '2023_12_19_062445_create_ultahs_table', 4);
INSERT INTO `migrations` VALUES (31, '2023_12_19_062455_create_ultahs_table', 5);
INSERT INTO `migrations` VALUES (32, '2023_12_19_062456_create_ultahs_table', 6);
INSERT INTO `migrations` VALUES (33, '2023_12_19_062457_create_ultahs_table', 7);

-- ----------------------------
-- Table structure for outbox
-- ----------------------------
CREATE TABLE `outbox`  (
  `id` int NOT NULL AUTO_INCREMENT,
  `number` varchar(255) CHARACTER SET utf8mb4 COLLATE utf8mb4_unicode_ci NULL DEFAULT NULL,
  `text` text CHARACTER SET utf8mb4 COLLATE utf8mb4_unicode_ci NULL,
  `status` varchar(255) CHARACTER SET utf8mb4 COLLATE utf8mb4_unicode_ci NULL DEFAULT NULL,
  `created_at` datetime NULL DEFAULT NULL,
  `id_device` int NULL DEFAULT NULL,
  `type` varchar(15) CHARACTER SET utf8mb4 COLLATE utf8mb4_unicode_ci NULL DEFAULT NULL,
  `url_file` varchar(255) CHARACTER SET utf8mb4 COLLATE utf8mb4_unicode_ci NULL DEFAULT NULL,
  PRIMARY KEY (`id`) USING BTREE
) ENGINE = InnoDB AUTO_INCREMENT = 27 CHARACTER SET = utf8mb4 COLLATE = utf8mb4_unicode_ci ROW_FORMAT = Dynamic;

-- ----------------------------
-- Records of outbox
-- ----------------------------
INSERT INTO `outbox` VALUES (23, '6287727655433|6282136214112', 'test wa v1', NULL, '2023-12-20 02:36:26', 3, 'Text', NULL);
INSERT INTO `outbox` VALUES (24, '6282136214112|6287727655433', 'test wa v2', NULL, '2023-12-20 02:41:52', 4, 'Text', NULL);
INSERT INTO `outbox` VALUES (25, '6282136214112', 'promosi', 'PENDING', '2023-12-20 07:39:04', 5, 'Text', NULL);

-- ----------------------------
-- Table structure for password_resets
-- ----------------------------
CREATE TABLE `password_resets`  (
  `email` varchar(255) CHARACTER SET utf8mb4 COLLATE utf8mb4_unicode_ci NOT NULL,
  `token` varchar(255) CHARACTER SET utf8mb4 COLLATE utf8mb4_unicode_ci NOT NULL,
  `created_at` timestamp NULL DEFAULT NULL,
  INDEX `password_resets_email_index`(`email`) USING BTREE
) ENGINE = InnoDB CHARACTER SET = utf8mb4 COLLATE = utf8mb4_unicode_ci ROW_FORMAT = Dynamic;

-- ----------------------------
-- Records of password_resets
-- ----------------------------

-- ----------------------------
-- Table structure for personal_access_tokens
-- ----------------------------
CREATE TABLE `personal_access_tokens`  (
  `id` bigint UNSIGNED NOT NULL AUTO_INCREMENT,
  `tokenable_type` varchar(255) CHARACTER SET utf8mb4 COLLATE utf8mb4_unicode_ci NOT NULL,
  `tokenable_id` bigint UNSIGNED NOT NULL,
  `name` varchar(255) CHARACTER SET utf8mb4 COLLATE utf8mb4_unicode_ci NOT NULL,
  `token` varchar(64) CHARACTER SET utf8mb4 COLLATE utf8mb4_unicode_ci NOT NULL,
  `abilities` text CHARACTER SET utf8mb4 COLLATE utf8mb4_unicode_ci NULL,
  `last_used_at` timestamp NULL DEFAULT NULL,
  `created_at` timestamp NULL DEFAULT NULL,
  `updated_at` timestamp NULL DEFAULT NULL,
  PRIMARY KEY (`id`) USING BTREE,
  UNIQUE INDEX `personal_access_tokens_token_unique`(`token`) USING BTREE,
  INDEX `personal_access_tokens_tokenable_type_tokenable_id_index`(`tokenable_type`, `tokenable_id`) USING BTREE
) ENGINE = InnoDB AUTO_INCREMENT = 1 CHARACTER SET = utf8mb4 COLLATE = utf8mb4_unicode_ci ROW_FORMAT = Dynamic;

-- ----------------------------
-- Records of personal_access_tokens
-- ----------------------------

-- ----------------------------
-- Table structure for ultahs
-- ----------------------------
CREATE TABLE `ultahs`  (
  `id` bigint UNSIGNED NOT NULL AUTO_INCREMENT,
  `id_device` varchar(255) CHARACTER SET utf8mb4 COLLATE utf8mb4_unicode_ci NOT NULL,
  `type` varchar(255) CHARACTER SET utf8mb4 COLLATE utf8mb4_unicode_ci NOT NULL,
  `number` varchar(255) CHARACTER SET utf8mb4 COLLATE utf8mb4_unicode_ci NOT NULL,
  `ttl` date NOT NULL,
  `text` varchar(255) CHARACTER SET utf8mb4 COLLATE utf8mb4_unicode_ci NOT NULL,
  `status` varchar(255) CHARACTER SET utf8mb4 COLLATE utf8mb4_unicode_ci NULL DEFAULT NULL,
  `created_at` timestamp NULL DEFAULT NULL,
  `updated_at` timestamp NULL DEFAULT NULL,
  `nama` varchar(50) CHARACTER SET utf8mb4 COLLATE utf8mb4_unicode_ci NULL DEFAULT NULL,
  PRIMARY KEY (`id`) USING BTREE
) ENGINE = InnoDB AUTO_INCREMENT = 19 CHARACTER SET = utf8mb4 COLLATE = utf8mb4_unicode_ci ROW_FORMAT = Dynamic;

-- ----------------------------
-- Records of ultahs
-- ----------------------------
INSERT INTO `ultahs` VALUES (15, '4', 'Text', '6282136214112', '2023-12-20', 'ojo lali madang geden versi keduane', 'PENDING', '2023-12-20 02:51:22', NULL, 'Array');
INSERT INTO `ultahs` VALUES (16, '4', 'Text', '6282136214112', '2023-12-20', 'panjang umur', 'PENDING', '2023-12-20 02:58:17', NULL, 'Array');
INSERT INTO `ultahs` VALUES (17, '4', 'Text', '6282136214112', '2023-12-20', 'panjang umur', 'PENDING', '2023-12-20 02:58:56', NULL, 'Array');
INSERT INTO `ultahs` VALUES (18, '4', 'Text', '6282136214112', '2023-12-20', 'jkbjk', 'PENDING', '2023-12-20 03:00:22', NULL, 'Array');

-- ----------------------------
-- Table structure for users
-- ----------------------------
CREATE TABLE `users`  (
  `id` bigint UNSIGNED NOT NULL AUTO_INCREMENT,
  `name` varchar(255) CHARACTER SET utf8mb4 COLLATE utf8mb4_unicode_ci NOT NULL,
  `email` varchar(255) CHARACTER SET utf8mb4 COLLATE utf8mb4_unicode_ci NOT NULL,
  `email_verified_at` timestamp NULL DEFAULT NULL,
  `password` varchar(255) CHARACTER SET utf8mb4 COLLATE utf8mb4_unicode_ci NOT NULL,
  `remember_token` varchar(100) CHARACTER SET utf8mb4 COLLATE utf8mb4_unicode_ci NULL DEFAULT NULL,
  `created_at` timestamp NULL DEFAULT NULL,
  `updated_at` timestamp NULL DEFAULT NULL,
  PRIMARY KEY (`id`) USING BTREE,
  UNIQUE INDEX `users_email_unique`(`email`) USING BTREE
) ENGINE = InnoDB AUTO_INCREMENT = 1 CHARACTER SET = utf8mb4 COLLATE = utf8mb4_unicode_ci ROW_FORMAT = Dynamic;

-- ----------------------------
-- Records of users
-- ----------------------------

-- ----------------------------
-- Table structure for whatsapp_log
-- ----------------------------
CREATE TABLE `whatsapp_log`  (
  `id` int NOT NULL AUTO_INCREMENT,
  `number` varchar(255) CHARACTER SET utf8mb4 COLLATE utf8mb4_unicode_ci NULL DEFAULT NULL,
  `message` varchar(255) CHARACTER SET utf8mb4 COLLATE utf8mb4_unicode_ci NULL DEFAULT NULL,
  `session_id` varchar(255) CHARACTER SET utf8mb4 COLLATE utf8mb4_unicode_ci NULL DEFAULT NULL,
  `status` varchar(255) CHARACTER SET utf8mb4 COLLATE utf8mb4_unicode_ci NULL DEFAULT NULL,
  `tgl` datetime NULL DEFAULT CURRENT_TIMESTAMP,
  PRIMARY KEY (`id`) USING BTREE
) ENGINE = InnoDB AUTO_INCREMENT = 1 CHARACTER SET = utf8mb4 COLLATE = utf8mb4_unicode_ci ROW_FORMAT = Dynamic;

-- ----------------------------
-- Records of whatsapp_log
-- ----------------------------

